{"id":724,"date":"2021-02-02T21:11:52","date_gmt":"2021-02-03T00:11:52","guid":{"rendered":"https:\/\/aogosto.com.br\/delivery\/product\/import-placeholder-for-3718\/"},"modified":"2026-04-10T16:33:38","modified_gmt":"2026-04-10T19:33:38","slug":"chimichurri-argentino-200g","status":"publish","type":"product","link":"https:\/\/aogosto.com.br\/delivery\/product\/chimichurri-argentino-200g\/","title":{"rendered":"Chimichurri Argentino 200g"},"content":{"rendered":"","protected":false},"excerpt":{"rendered":"<p><span class=\"ILfuVd NA6bn\"><span class=\"hgKElc\">O molho chimichurri \u00e9 um <strong>molho para churrasco<\/strong> origin\u00e1rio do Uruguai e Argentina e muito comum na Am\u00e9rica do Sul.<br \/>\nO <b>chimichurri<\/b> pode ser tanto utilizado em aperitivos de entrada, como p\u00e3es, como para temperar a carne antes de ass\u00e1-la. Geralmente o molho \u00e9 utilizado para marinar a carne duas horas antes de come\u00e7ar a assar, mas ele tamb\u00e9m pode ser utilizado como tempero depois que a carne j\u00e1 saiu do fogo.<br \/>\n<\/span><\/span>O resultado \u00e9 um <strong>molho ardido e saboroso<\/strong> que combina especialmente bem com carnes vermelhas grelhadas e com peixe tamb\u00e9m.<\/p>\n","protected":false},"featured_media":15939,"comment_status":"closed","ping_status":"closed","template":"","meta":[],"product_brand":[],"product_cat":[68],"product_tag":[212],"class_list":{"0":"post-724","1":"product","2":"type-product","3":"status-publish","4":"has-post-thumbnail","6":"product_cat-temperos","7":"product_tag-molhos","9":"first","10":"outofstock","11":"shipping-taxable","12":"purchasable","13":"product-type-variable"},"yoast_head":"<!-- This site is optimized with the Yoast SEO plugin v27.2 - https:\/\/yoast.com\/product\/yoast-seo-wordpress\/ -->\n<title>Chimichurri Argentino 200g | Ao Gosto Carnes<\/title>\n<meta name=\"robots\" content=\"index, follow, max-snippet:-1, max-image-preview:large, max-video-preview:-1\" \/>\n<link rel=\"canonical\" href=\"https:\/\/aogosto.com.br\/delivery\/product\/chimichurri-argentino-200g\/\" \/>\n<meta property=\"og:locale\" content=\"pt_BR\" \/>\n<meta property=\"og:type\" content=\"article\" \/>\n<meta property=\"og:title\" content=\"Chimichurri Argentino 200g | Ao Gosto Carnes\" \/>\n<meta property=\"og:description\" content=\"O molho chimichurri \u00e9 um molho para churrasco origin\u00e1rio do Uruguai e Argentina e muito comum na Am\u00e9rica do Sul. O chimichurri pode ser tanto utilizado em aperitivos de entrada, como p\u00e3es, como para temperar a carne antes de ass\u00e1-la. Geralmente o molho \u00e9 utilizado para marinar a carne duas horas antes de come\u00e7ar a assar, mas ele tamb\u00e9m pode ser utilizado como tempero depois que a carne j\u00e1 saiu do fogo. O resultado \u00e9 um molho ardido e saboroso que combina especialmente bem com carnes vermelhas grelhadas e com peixe tamb\u00e9m.\" \/>\n<meta property=\"og:url\" content=\"https:\/\/aogosto.com.br\/delivery\/product\/chimichurri-argentino-200g\/\" \/>\n<meta property=\"og:site_name\" content=\"Ao Gosto Carnes\" \/>\n<meta property=\"article:publisher\" content=\"https:\/\/facebook.com.br\/aogostocarnesnobres\" \/>\n<meta property=\"article:modified_time\" content=\"2026-04-10T19:33:38+00:00\" \/>\n<meta property=\"og:image\" content=\"https:\/\/aogosto.com.br\/delivery\/wp-content\/uploads\/2021\/02\/chimichurri.jpg\" \/>\n\t<meta property=\"og:image:width\" content=\"1080\" \/>\n\t<meta property=\"og:image:height\" content=\"1080\" \/>\n\t<meta property=\"og:image:type\" content=\"image\/jpeg\" \/>\n<meta name=\"twitter:card\" content=\"summary_large_image\" \/>\n<meta name=\"twitter:label1\" content=\"Est. tempo de leitura\" \/>\n\t<meta name=\"twitter:data1\" content=\"1 minuto\" \/>\n<script type=\"application\/ld+json\" class=\"yoast-schema-graph\">{\"@context\":\"https:\/\/schema.org\",\"@graph\":[{\"@type\":\"WebPage\",\"@id\":\"https:\/\/aogosto.com.br\/delivery\/product\/chimichurri-argentino-200g\/\",\"url\":\"https:\/\/aogosto.com.br\/delivery\/product\/chimichurri-argentino-200g\/\",\"name\":\"Chimichurri Argentino 200g | Ao Gosto Carnes\",\"isPartOf\":{\"@id\":\"https:\/\/aogosto.com.br\/delivery\/#website\"},\"primaryImageOfPage\":{\"@id\":\"https:\/\/aogosto.com.br\/delivery\/product\/chimichurri-argentino-200g\/#primaryimage\"},\"image\":{\"@id\":\"https:\/\/aogosto.com.br\/delivery\/product\/chimichurri-argentino-200g\/#primaryimage\"},\"thumbnailUrl\":\"https:\/\/aogosto.com.br\/delivery\/wp-content\/uploads\/2021\/02\/chimichurri.jpg\",\"datePublished\":\"2021-02-03T00:11:52+00:00\",\"dateModified\":\"2026-04-10T19:33:38+00:00\",\"breadcrumb\":{\"@id\":\"https:\/\/aogosto.com.br\/delivery\/product\/chimichurri-argentino-200g\/#breadcrumb\"},\"inLanguage\":\"pt-BR\",\"potentialAction\":[{\"@type\":\"ReadAction\",\"target\":[\"https:\/\/aogosto.com.br\/delivery\/product\/chimichurri-argentino-200g\/\"]}]},{\"@type\":\"ImageObject\",\"inLanguage\":\"pt-BR\",\"@id\":\"https:\/\/aogosto.com.br\/delivery\/product\/chimichurri-argentino-200g\/#primaryimage\",\"url\":\"https:\/\/aogosto.com.br\/delivery\/wp-content\/uploads\/2021\/02\/chimichurri.jpg\",\"contentUrl\":\"https:\/\/aogosto.com.br\/delivery\/wp-content\/uploads\/2021\/02\/chimichurri.jpg\",\"width\":1080,\"height\":1080},{\"@type\":\"BreadcrumbList\",\"@id\":\"https:\/\/aogosto.com.br\/delivery\/product\/chimichurri-argentino-200g\/#breadcrumb\",\"itemListElement\":[{\"@type\":\"ListItem\",\"position\":1,\"name\":\"In\u00edcio\",\"item\":\"https:\/\/aogosto.com.br\/delivery\/\"},{\"@type\":\"ListItem\",\"position\":2,\"name\":\"Shop\",\"item\":\"https:\/\/aogosto.com.br\/delivery\/loja\/\"},{\"@type\":\"ListItem\",\"position\":3,\"name\":\"Chimichurri Argentino 200g\"}]},{\"@type\":\"WebSite\",\"@id\":\"https:\/\/aogosto.com.br\/delivery\/#website\",\"url\":\"https:\/\/aogosto.com.br\/delivery\/\",\"name\":\"Ao Gosto Carnes\",\"description\":\"Fa\u00e7a o seu pedido on-line!\",\"potentialAction\":[{\"@type\":\"SearchAction\",\"target\":{\"@type\":\"EntryPoint\",\"urlTemplate\":\"https:\/\/aogosto.com.br\/delivery\/?s={search_term_string}\"},\"query-input\":{\"@type\":\"PropertyValueSpecification\",\"valueRequired\":true,\"valueName\":\"search_term_string\"}}],\"inLanguage\":\"pt-BR\"}]}<\/script>\n<!-- \/ Yoast SEO plugin. -->","yoast_head_json":{"title":"Chimichurri Argentino 200g | Ao Gosto Carnes","robots":{"index":"index","follow":"follow","max-snippet":"max-snippet:-1","max-image-preview":"max-image-preview:large","max-video-preview":"max-video-preview:-1"},"canonical":"https:\/\/aogosto.com.br\/delivery\/product\/chimichurri-argentino-200g\/","og_locale":"pt_BR","og_type":"article","og_title":"Chimichurri Argentino 200g | Ao Gosto Carnes","og_description":"O molho chimichurri \u00e9 um molho para churrasco origin\u00e1rio do Uruguai e Argentina e muito comum na Am\u00e9rica do Sul. O chimichurri pode ser tanto utilizado em aperitivos de entrada, como p\u00e3es, como para temperar a carne antes de ass\u00e1-la. Geralmente o molho \u00e9 utilizado para marinar a carne duas horas antes de come\u00e7ar a assar, mas ele tamb\u00e9m pode ser utilizado como tempero depois que a carne j\u00e1 saiu do fogo. O resultado \u00e9 um molho ardido e saboroso que combina especialmente bem com carnes vermelhas grelhadas e com peixe tamb\u00e9m.","og_url":"https:\/\/aogosto.com.br\/delivery\/product\/chimichurri-argentino-200g\/","og_site_name":"Ao Gosto Carnes","article_publisher":"https:\/\/facebook.com.br\/aogostocarnesnobres","article_modified_time":"2026-04-10T19:33:38+00:00","og_image":[{"width":1080,"height":1080,"url":"https:\/\/aogosto.com.br\/delivery\/wp-content\/uploads\/2021\/02\/chimichurri.jpg","type":"image\/jpeg"}],"twitter_card":"summary_large_image","twitter_misc":{"Est. tempo de leitura":"1 minuto"},"schema":{"@context":"https:\/\/schema.org","@graph":[{"@type":"WebPage","@id":"https:\/\/aogosto.com.br\/delivery\/product\/chimichurri-argentino-200g\/","url":"https:\/\/aogosto.com.br\/delivery\/product\/chimichurri-argentino-200g\/","name":"Chimichurri Argentino 200g | Ao Gosto Carnes","isPartOf":{"@id":"https:\/\/aogosto.com.br\/delivery\/#website"},"primaryImageOfPage":{"@id":"https:\/\/aogosto.com.br\/delivery\/product\/chimichurri-argentino-200g\/#primaryimage"},"image":{"@id":"https:\/\/aogosto.com.br\/delivery\/product\/chimichurri-argentino-200g\/#primaryimage"},"thumbnailUrl":"https:\/\/aogosto.com.br\/delivery\/wp-content\/uploads\/2021\/02\/chimichurri.jpg","datePublished":"2021-02-03T00:11:52+00:00","dateModified":"2026-04-10T19:33:38+00:00","breadcrumb":{"@id":"https:\/\/aogosto.com.br\/delivery\/product\/chimichurri-argentino-200g\/#breadcrumb"},"inLanguage":"pt-BR","potentialAction":[{"@type":"ReadAction","target":["https:\/\/aogosto.com.br\/delivery\/product\/chimichurri-argentino-200g\/"]}]},{"@type":"ImageObject","inLanguage":"pt-BR","@id":"https:\/\/aogosto.com.br\/delivery\/product\/chimichurri-argentino-200g\/#primaryimage","url":"https:\/\/aogosto.com.br\/delivery\/wp-content\/uploads\/2021\/02\/chimichurri.jpg","contentUrl":"https:\/\/aogosto.com.br\/delivery\/wp-content\/uploads\/2021\/02\/chimichurri.jpg","width":1080,"height":1080},{"@type":"BreadcrumbList","@id":"https:\/\/aogosto.com.br\/delivery\/product\/chimichurri-argentino-200g\/#breadcrumb","itemListElement":[{"@type":"ListItem","position":1,"name":"In\u00edcio","item":"https:\/\/aogosto.com.br\/delivery\/"},{"@type":"ListItem","position":2,"name":"Shop","item":"https:\/\/aogosto.com.br\/delivery\/loja\/"},{"@type":"ListItem","position":3,"name":"Chimichurri Argentino 200g"}]},{"@type":"WebSite","@id":"https:\/\/aogosto.com.br\/delivery\/#website","url":"https:\/\/aogosto.com.br\/delivery\/","name":"Ao Gosto Carnes","description":"Fa\u00e7a o seu pedido on-line!","potentialAction":[{"@type":"SearchAction","target":{"@type":"EntryPoint","urlTemplate":"https:\/\/aogosto.com.br\/delivery\/?s={search_term_string}"},"query-input":{"@type":"PropertyValueSpecification","valueRequired":true,"valueName":"search_term_string"}}],"inLanguage":"pt-BR"}]}},"_links":{"self":[{"href":"https:\/\/aogosto.com.br\/delivery\/wp-json\/wp\/v2\/product\/724","targetHints":{"allow":["GET"]}}],"collection":[{"href":"https:\/\/aogosto.com.br\/delivery\/wp-json\/wp\/v2\/product"}],"about":[{"href":"https:\/\/aogosto.com.br\/delivery\/wp-json\/wp\/v2\/types\/product"}],"replies":[{"embeddable":true,"href":"https:\/\/aogosto.com.br\/delivery\/wp-json\/wp\/v2\/comments?post=724"}],"version-history":[{"count":3,"href":"https:\/\/aogosto.com.br\/delivery\/wp-json\/wp\/v2\/product\/724\/revisions"}],"predecessor-version":[{"id":142885,"href":"https:\/\/aogosto.com.br\/delivery\/wp-json\/wp\/v2\/product\/724\/revisions\/142885"}],"wp:featuredmedia":[{"embeddable":true,"href":"https:\/\/aogosto.com.br\/delivery\/wp-json\/wp\/v2\/media\/15939"}],"wp:attachment":[{"href":"https:\/\/aogosto.com.br\/delivery\/wp-json\/wp\/v2\/media?parent=724"}],"wp:term":[{"taxonomy":"product_brand","embeddable":true,"href":"https:\/\/aogosto.com.br\/delivery\/wp-json\/wp\/v2\/product_brand?post=724"},{"taxonomy":"product_cat","embeddable":true,"href":"https:\/\/aogosto.com.br\/delivery\/wp-json\/wp\/v2\/product_cat?post=724"},{"taxonomy":"product_tag","embeddable":true,"href":"https:\/\/aogosto.com.br\/delivery\/wp-json\/wp\/v2\/product_tag?post=724"}],"curies":[{"name":"wp","href":"https:\/\/api.w.org\/{rel}","templated":true}]}}