    {"id":51004,"date":"2023-06-09T18:57:44","date_gmt":"2023-06-09T21:57:44","guid":{"rendered":"https:\/\/aogosto.com.br\/delivery\/?post_type=product&#038;p=51004"},"modified":"2026-04-09T11:22:52","modified_gmt":"2026-04-09T14:22:52","slug":"vinho-seco-fazenda-pedrinha-cabernet-sauvignon","status":"publish","type":"product","link":"https:\/\/aogosto.com.br\/delivery\/product\/vinho-seco-fazenda-pedrinha-cabernet-sauvignon\/","title":{"rendered":"Vinho Seco Fazenda Pedrinha | Cabernet Sauvignon"},"content":{"rendered":"","protected":false},"excerpt":{"rendered":"<p>Um vinho seco, elaborado exclusivamente a partir de uvas selecionadas da variedade Cabernet Sauvignon. \u00c9 um leg\u00edtimo varietal elaborado seguindo os mesmos princ\u00edpios dos melhores tintos de Bordeaux. Reserva Especial 2020.<br \/>\nCont\u00e9m 750ml &#8211; 18,5% Vol<\/p>\n","protected":false},"featured_media":51005,"comment_status":"closed","ping_status":"closed","template":"","meta":[],"product_brand":[],"product_cat":[69,383,377,376,340],"product_tag":[],"class_list":{"0":"post-51004","1":"product","2":"type-product","3":"status-publish","4":"has-post-thumbnail","6":"product_cat-bebidas","7":"product_cat-boutique","8":"product_cat-complementos-para-drinks","9":"product_cat-destilados","10":"product_cat-original","12":"first","13":"instock","14":"shipping-taxable","15":"purchasable","16":"product-type-simple"},"yoast_head":"<!-- This site is optimized with the Yoast SEO plugin v27.2 - https:\/\/yoast.com\/product\/yoast-seo-wordpress\/ -->\n<title>Vinho Seco Fazenda Pedrinha | Cabernet Sauvignon | Ao Gosto Carnes<\/title>\n<meta name=\"robots\" content=\"index, follow, max-snippet:-1, max-image-preview:large, max-video-preview:-1\" \/>\n<link rel=\"canonical\" href=\"https:\/\/aogosto.com.br\/delivery\/product\/vinho-seco-fazenda-pedrinha-cabernet-sauvignon\/\" \/>\n<meta property=\"og:locale\" content=\"pt_BR\" \/>\n<meta property=\"og:type\" content=\"article\" \/>\n<meta property=\"og:title\" content=\"Vinho Seco Fazenda Pedrinha | Cabernet Sauvignon | Ao Gosto Carnes\" \/>\n<meta property=\"og:description\" content=\"Um vinho seco, elaborado exclusivamente a partir de uvas selecionadas da variedade Cabernet Sauvignon. \u00c9 um leg\u00edtimo varietal elaborado seguindo os mesmos princ\u00edpios dos melhores tintos de Bordeaux. Reserva Especial 2020. Cont\u00e9m 750ml - 18,5% Vol\" \/>\n<meta property=\"og:url\" content=\"https:\/\/aogosto.com.br\/delivery\/product\/vinho-seco-fazenda-pedrinha-cabernet-sauvignon\/\" \/>\n<meta property=\"og:site_name\" content=\"Ao Gosto Carnes\" \/>\n<meta property=\"article:publisher\" content=\"https:\/\/facebook.com.br\/aogostocarnesnobres\" \/>\n<meta property=\"article:modified_time\" content=\"2026-04-09T14:22:52+00:00\" \/>\n<meta property=\"og:image\" content=\"https:\/\/aogosto.com.br\/delivery\/wp-content\/uploads\/2023\/06\/1.jpg\" \/>\n\t<meta property=\"og:image:width\" content=\"540\" \/>\n\t<meta property=\"og:image:height\" content=\"540\" \/>\n\t<meta property=\"og:image:type\" content=\"image\/jpeg\" \/>\n<meta name=\"twitter:card\" content=\"summary_large_image\" \/>\n<script type=\"application\/ld+json\" class=\"yoast-schema-graph\">{\"@context\":\"https:\/\/schema.org\",\"@graph\":[{\"@type\":\"WebPage\",\"@id\":\"https:\/\/aogosto.com.br\/delivery\/product\/vinho-seco-fazenda-pedrinha-cabernet-sauvignon\/\",\"url\":\"https:\/\/aogosto.com.br\/delivery\/product\/vinho-seco-fazenda-pedrinha-cabernet-sauvignon\/\",\"name\":\"Vinho Seco Fazenda Pedrinha | Cabernet Sauvignon | Ao Gosto Carnes\",\"isPartOf\":{\"@id\":\"https:\/\/aogosto.com.br\/delivery\/#website\"},\"primaryImageOfPage\":{\"@id\":\"https:\/\/aogosto.com.br\/delivery\/product\/vinho-seco-fazenda-pedrinha-cabernet-sauvignon\/#primaryimage\"},\"image\":{\"@id\":\"https:\/\/aogosto.com.br\/delivery\/product\/vinho-seco-fazenda-pedrinha-cabernet-sauvignon\/#primaryimage\"},\"thumbnailUrl\":\"https:\/\/aogosto.com.br\/delivery\/wp-content\/uploads\/2023\/06\/1.jpg\",\"datePublished\":\"2023-06-09T21:57:44+00:00\",\"dateModified\":\"2026-04-09T14:22:52+00:00\",\"breadcrumb\":{\"@id\":\"https:\/\/aogosto.com.br\/delivery\/product\/vinho-seco-fazenda-pedrinha-cabernet-sauvignon\/#breadcrumb\"},\"inLanguage\":\"pt-BR\",\"potentialAction\":[{\"@type\":\"ReadAction\",\"target\":[\"https:\/\/aogosto.com.br\/delivery\/product\/vinho-seco-fazenda-pedrinha-cabernet-sauvignon\/\"]}]},{\"@type\":\"ImageObject\",\"inLanguage\":\"pt-BR\",\"@id\":\"https:\/\/aogosto.com.br\/delivery\/product\/vinho-seco-fazenda-pedrinha-cabernet-sauvignon\/#primaryimage\",\"url\":\"https:\/\/aogosto.com.br\/delivery\/wp-content\/uploads\/2023\/06\/1.jpg\",\"contentUrl\":\"https:\/\/aogosto.com.br\/delivery\/wp-content\/uploads\/2023\/06\/1.jpg\",\"width\":540,\"height\":540},{\"@type\":\"BreadcrumbList\",\"@id\":\"https:\/\/aogosto.com.br\/delivery\/product\/vinho-seco-fazenda-pedrinha-cabernet-sauvignon\/#breadcrumb\",\"itemListElement\":[{\"@type\":\"ListItem\",\"position\":1,\"name\":\"In\u00edcio\",\"item\":\"https:\/\/aogosto.com.br\/delivery\/\"},{\"@type\":\"ListItem\",\"position\":2,\"name\":\"Shop\",\"item\":\"https:\/\/aogosto.com.br\/delivery\/loja\/\"},{\"@type\":\"ListItem\",\"position\":3,\"name\":\"Vinho Seco Fazenda Pedrinha | Cabernet Sauvignon\"}]},{\"@type\":\"WebSite\",\"@id\":\"https:\/\/aogosto.com.br\/delivery\/#website\",\"url\":\"https:\/\/aogosto.com.br\/delivery\/\",\"name\":\"Ao Gosto Carnes\",\"description\":\"Fa\u00e7a o seu pedido on-line!\",\"potentialAction\":[{\"@type\":\"SearchAction\",\"target\":{\"@type\":\"EntryPoint\",\"urlTemplate\":\"https:\/\/aogosto.com.br\/delivery\/?s={search_term_string}\"},\"query-input\":{\"@type\":\"PropertyValueSpecification\",\"valueRequired\":true,\"valueName\":\"search_term_string\"}}],\"inLanguage\":\"pt-BR\"}]}<\/script>\n<!-- \/ Yoast SEO plugin. -->","yoast_head_json":{"title":"Vinho Seco Fazenda Pedrinha | Cabernet Sauvignon | Ao Gosto Carnes","robots":{"index":"index","follow":"follow","max-snippet":"max-snippet:-1","max-image-preview":"max-image-preview:large","max-video-preview":"max-video-preview:-1"},"canonical":"https:\/\/aogosto.com.br\/delivery\/product\/vinho-seco-fazenda-pedrinha-cabernet-sauvignon\/","og_locale":"pt_BR","og_type":"article","og_title":"Vinho Seco Fazenda Pedrinha | Cabernet Sauvignon | Ao Gosto Carnes","og_description":"Um vinho seco, elaborado exclusivamente a partir de uvas selecionadas da variedade Cabernet Sauvignon. \u00c9 um leg\u00edtimo varietal elaborado seguindo os mesmos princ\u00edpios dos melhores tintos de Bordeaux. Reserva Especial 2020. Cont\u00e9m 750ml - 18,5% Vol","og_url":"https:\/\/aogosto.com.br\/delivery\/product\/vinho-seco-fazenda-pedrinha-cabernet-sauvignon\/","og_site_name":"Ao Gosto Carnes","article_publisher":"https:\/\/facebook.com.br\/aogostocarnesnobres","article_modified_time":"2026-04-09T14:22:52+00:00","og_image":[{"width":540,"height":540,"url":"https:\/\/aogosto.com.br\/delivery\/wp-content\/uploads\/2023\/06\/1.jpg","type":"image\/jpeg"}],"twitter_card":"summary_large_image","schema":{"@context":"https:\/\/schema.org","@graph":[{"@type":"WebPage","@id":"https:\/\/aogosto.com.br\/delivery\/product\/vinho-seco-fazenda-pedrinha-cabernet-sauvignon\/","url":"https:\/\/aogosto.com.br\/delivery\/product\/vinho-seco-fazenda-pedrinha-cabernet-sauvignon\/","name":"Vinho Seco Fazenda Pedrinha | Cabernet Sauvignon | Ao Gosto Carnes","isPartOf":{"@id":"https:\/\/aogosto.com.br\/delivery\/#website"},"primaryImageOfPage":{"@id":"https:\/\/aogosto.com.br\/delivery\/product\/vinho-seco-fazenda-pedrinha-cabernet-sauvignon\/#primaryimage"},"image":{"@id":"https:\/\/aogosto.com.br\/delivery\/product\/vinho-seco-fazenda-pedrinha-cabernet-sauvignon\/#primaryimage"},"thumbnailUrl":"https:\/\/aogosto.com.br\/delivery\/wp-content\/uploads\/2023\/06\/1.jpg","datePublished":"2023-06-09T21:57:44+00:00","dateModified":"2026-04-09T14:22:52+00:00","breadcrumb":{"@id":"https:\/\/aogosto.com.br\/delivery\/product\/vinho-seco-fazenda-pedrinha-cabernet-sauvignon\/#breadcrumb"},"inLanguage":"pt-BR","potentialAction":[{"@type":"ReadAction","target":["https:\/\/aogosto.com.br\/delivery\/product\/vinho-seco-fazenda-pedrinha-cabernet-sauvignon\/"]}]},{"@type":"ImageObject","inLanguage":"pt-BR","@id":"https:\/\/aogosto.com.br\/delivery\/product\/vinho-seco-fazenda-pedrinha-cabernet-sauvignon\/#primaryimage","url":"https:\/\/aogosto.com.br\/delivery\/wp-content\/uploads\/2023\/06\/1.jpg","contentUrl":"https:\/\/aogosto.com.br\/delivery\/wp-content\/uploads\/2023\/06\/1.jpg","width":540,"height":540},{"@type":"BreadcrumbList","@id":"https:\/\/aogosto.com.br\/delivery\/product\/vinho-seco-fazenda-pedrinha-cabernet-sauvignon\/#breadcrumb","itemListElement":[{"@type":"ListItem","position":1,"name":"In\u00edcio","item":"https:\/\/aogosto.com.br\/delivery\/"},{"@type":"ListItem","position":2,"name":"Shop","item":"https:\/\/aogosto.com.br\/delivery\/loja\/"},{"@type":"ListItem","position":3,"name":"Vinho Seco Fazenda Pedrinha | Cabernet Sauvignon"}]},{"@type":"WebSite","@id":"https:\/\/aogosto.com.br\/delivery\/#website","url":"https:\/\/aogosto.com.br\/delivery\/","name":"Ao Gosto Carnes","description":"Fa\u00e7a o seu pedido on-line!","potentialAction":[{"@type":"SearchAction","target":{"@type":"EntryPoint","urlTemplate":"https:\/\/aogosto.com.br\/delivery\/?s={search_term_string}"},"query-input":{"@type":"PropertyValueSpecification","valueRequired":true,"valueName":"search_term_string"}}],"inLanguage":"pt-BR"}]}},"_links":{"self":[{"href":"https:\/\/aogosto.com.br\/delivery\/wp-json\/wp\/v2\/product\/51004","targetHints":{"allow":["GET"]}}],"collection":[{"href":"https:\/\/aogosto.com.br\/delivery\/wp-json\/wp\/v2\/product"}],"about":[{"href":"https:\/\/aogosto.com.br\/delivery\/wp-json\/wp\/v2\/types\/product"}],"replies":[{"embeddable":true,"href":"https:\/\/aogosto.com.br\/delivery\/wp-json\/wp\/v2\/comments?post=51004"}],"version-history":[{"count":1,"href":"https:\/\/aogosto.com.br\/delivery\/wp-json\/wp\/v2\/product\/51004\/revisions"}],"predecessor-version":[{"id":149234,"href":"https:\/\/aogosto.com.br\/delivery\/wp-json\/wp\/v2\/product\/51004\/revisions\/149234"}],"wp:featuredmedia":[{"embeddable":true,"href":"https:\/\/aogosto.com.br\/delivery\/wp-json\/wp\/v2\/media\/51005"}],"wp:attachment":[{"href":"https:\/\/aogosto.com.br\/delivery\/wp-json\/wp\/v2\/media?parent=51004"}],"wp:term":[{"taxonomy":"product_brand","embeddable":true,"href":"https:\/\/aogosto.com.br\/delivery\/wp-json\/wp\/v2\/product_brand?post=51004"},{"taxonomy":"product_cat","embeddable":true,"href":"https:\/\/aogosto.com.br\/delivery\/wp-json\/wp\/v2\/product_cat?post=51004"},{"taxonomy":"product_tag","embeddable":true,"href":"https:\/\/aogosto.com.br\/delivery\/wp-json\/wp\/v2\/product_tag?post=51004"}],"curies":[{"name":"wp","href":"https:\/\/api.w.org\/{rel}","templated":true}]}}