    {"id":4063,"date":"2021-08-20T13:36:41","date_gmt":"2021-08-20T16:36:41","guid":{"rendered":"https:\/\/aogosto.com.br\/delivery\/?post_type=product&#038;p=4063"},"modified":"2025-06-28T12:10:40","modified_gmt":"2025-06-28T15:10:40","slug":"salmao-atlantico-r-79-90-kg","status":"publish","type":"product","link":"https:\/\/aogosto.com.br\/delivery\/product\/salmao-atlantico-r-79-90-kg\/","title":{"rendered":"Fil\u00e9 de Salm\u00e3o- Ao Gosto | R$ 119.90 KG"},"content":{"rendered":"","protected":false},"excerpt":{"rendered":"<p>Salm\u00e3o verdadeiro, de proced\u00eancia, ao contr\u00e1rio de muito dos que s\u00e3o procriados em cativeiros e reduzem bem suas quantidades nutricionais. Al\u00e9m de delicioso, ele \u00e9 um poderoso antioxidante que ajuda a prevenir doen\u00e7as cardiovasculares, inflamat\u00f3rias, e atua no sistema imune. \u00c9 fonte de Triptofano, Vitamina D, \u00c1cidos Graxos, Sel\u00eanio, Prote\u00edna, Vitamina B3, Vitamina B12, Vitamina B6, F\u00f3sforo e Magn\u00e9sio. \u00c9 excelente fonte de \u00d4mega 3, subst\u00e2ncia que reduz em at\u00e9 81% a chance de ataque card\u00edaco, segundo estudos recentes.<\/p>\n<p>&nbsp;Peso Aprox. 0500 g<\/p>\n<p>*O valor final pode variar conforme o peso exato de cada pe\u00e7a.*<\/p>\n<p>*Imagens meramente ilustrativas.*<\/p>\n","protected":false},"featured_media":116770,"comment_status":"closed","ping_status":"closed","template":"","meta":[],"product_brand":[],"product_cat":[342,55,511,512,63],"product_tag":[],"class_list":{"0":"post-4063","1":"product","2":"type-product","3":"status-publish","4":"has-post-thumbnail","6":"product_cat-dia-a-dia","7":"product_cat-exotico","8":"product_cat-mix-10-pessoas-premium","9":"product_cat-pascoa-2","10":"product_cat-pescados","12":"first","13":"outofstock","14":"shipping-taxable","15":"purchasable","16":"product-type-simple"},"yoast_head":"<!-- This site is optimized with the Yoast SEO plugin v27.2 - https:\/\/yoast.com\/product\/yoast-seo-wordpress\/ -->\n<title>Fil\u00e9 de Salm\u00e3o- Ao Gosto | R$ 119.90 KG | Ao Gosto Carnes<\/title>\n<meta name=\"robots\" content=\"index, follow, max-snippet:-1, max-image-preview:large, max-video-preview:-1\" \/>\n<link rel=\"canonical\" href=\"https:\/\/aogosto.com.br\/delivery\/product\/salmao-atlantico-r-79-90-kg\/\" \/>\n<meta property=\"og:locale\" content=\"pt_BR\" \/>\n<meta property=\"og:type\" content=\"article\" \/>\n<meta property=\"og:title\" content=\"Fil\u00e9 de Salm\u00e3o- Ao Gosto | R$ 119.90 KG | Ao Gosto Carnes\" \/>\n<meta property=\"og:description\" content=\"Salm\u00e3o verdadeiro, de proced\u00eancia, ao contr\u00e1rio de muito dos que s\u00e3o procriados em cativeiros e reduzem bem suas quantidades nutricionais. Al\u00e9m de delicioso, ele \u00e9 um poderoso antioxidante que ajuda a prevenir doen\u00e7as cardiovasculares, inflamat\u00f3rias, e atua no sistema imune. \u00c9 fonte de Triptofano, Vitamina D, \u00c1cidos Graxos, Sel\u00eanio, Prote\u00edna, Vitamina B3, Vitamina B12, Vitamina B6, F\u00f3sforo e Magn\u00e9sio. \u00c9 excelente fonte de \u00d4mega 3, subst\u00e2ncia que reduz em at\u00e9 81% a chance de ataque card\u00edaco, segundo estudos recentes.  &nbsp;Peso Aprox. 0500 g *O valor final pode variar conforme o peso exato de cada pe\u00e7a.* *Imagens meramente ilustrativas.*\" \/>\n<meta property=\"og:url\" content=\"https:\/\/aogosto.com.br\/delivery\/product\/salmao-atlantico-r-79-90-kg\/\" \/>\n<meta property=\"og:site_name\" content=\"Ao Gosto Carnes\" \/>\n<meta property=\"article:publisher\" content=\"https:\/\/facebook.com.br\/aogostocarnesnobres\" \/>\n<meta property=\"article:modified_time\" content=\"2025-06-28T15:10:40+00:00\" \/>\n<meta property=\"og:image\" content=\"https:\/\/aogosto.com.br\/delivery\/wp-content\/uploads\/2021\/08\/99652761ccc74f7eb0b0f52190859fd0.webp\" \/>\n\t<meta property=\"og:image:width\" content=\"500\" \/>\n\t<meta property=\"og:image:height\" content=\"500\" \/>\n\t<meta property=\"og:image:type\" content=\"image\/webp\" \/>\n<meta name=\"twitter:card\" content=\"summary_large_image\" \/>\n<meta name=\"twitter:label1\" content=\"Est. tempo de leitura\" \/>\n\t<meta name=\"twitter:data1\" content=\"1 minuto\" \/>\n<script type=\"application\/ld+json\" class=\"yoast-schema-graph\">{\"@context\":\"https:\/\/schema.org\",\"@graph\":[{\"@type\":\"WebPage\",\"@id\":\"https:\/\/aogosto.com.br\/delivery\/product\/salmao-atlantico-r-79-90-kg\/\",\"url\":\"https:\/\/aogosto.com.br\/delivery\/product\/salmao-atlantico-r-79-90-kg\/\",\"name\":\"Fil\u00e9 de Salm\u00e3o- Ao Gosto | R$ 119.90 KG | Ao Gosto Carnes\",\"isPartOf\":{\"@id\":\"https:\/\/aogosto.com.br\/delivery\/#website\"},\"primaryImageOfPage\":{\"@id\":\"https:\/\/aogosto.com.br\/delivery\/product\/salmao-atlantico-r-79-90-kg\/#primaryimage\"},\"image\":{\"@id\":\"https:\/\/aogosto.com.br\/delivery\/product\/salmao-atlantico-r-79-90-kg\/#primaryimage\"},\"thumbnailUrl\":\"https:\/\/aogosto.com.br\/delivery\/wp-content\/uploads\/2021\/08\/99652761ccc74f7eb0b0f52190859fd0.webp\",\"datePublished\":\"2021-08-20T16:36:41+00:00\",\"dateModified\":\"2025-06-28T15:10:40+00:00\",\"breadcrumb\":{\"@id\":\"https:\/\/aogosto.com.br\/delivery\/product\/salmao-atlantico-r-79-90-kg\/#breadcrumb\"},\"inLanguage\":\"pt-BR\",\"potentialAction\":[{\"@type\":\"ReadAction\",\"target\":[\"https:\/\/aogosto.com.br\/delivery\/product\/salmao-atlantico-r-79-90-kg\/\"]}]},{\"@type\":\"ImageObject\",\"inLanguage\":\"pt-BR\",\"@id\":\"https:\/\/aogosto.com.br\/delivery\/product\/salmao-atlantico-r-79-90-kg\/#primaryimage\",\"url\":\"https:\/\/aogosto.com.br\/delivery\/wp-content\/uploads\/2021\/08\/99652761ccc74f7eb0b0f52190859fd0.webp\",\"contentUrl\":\"https:\/\/aogosto.com.br\/delivery\/wp-content\/uploads\/2021\/08\/99652761ccc74f7eb0b0f52190859fd0.webp\",\"width\":500,\"height\":500},{\"@type\":\"BreadcrumbList\",\"@id\":\"https:\/\/aogosto.com.br\/delivery\/product\/salmao-atlantico-r-79-90-kg\/#breadcrumb\",\"itemListElement\":[{\"@type\":\"ListItem\",\"position\":1,\"name\":\"In\u00edcio\",\"item\":\"https:\/\/aogosto.com.br\/delivery\/\"},{\"@type\":\"ListItem\",\"position\":2,\"name\":\"Shop\",\"item\":\"https:\/\/aogosto.com.br\/delivery\/loja\/\"},{\"@type\":\"ListItem\",\"position\":3,\"name\":\"Fil\u00e9 de Salm\u00e3o- Ao Gosto | R$ 119.90 KG\"}]},{\"@type\":\"WebSite\",\"@id\":\"https:\/\/aogosto.com.br\/delivery\/#website\",\"url\":\"https:\/\/aogosto.com.br\/delivery\/\",\"name\":\"Ao Gosto Carnes\",\"description\":\"Fa\u00e7a o seu pedido on-line!\",\"potentialAction\":[{\"@type\":\"SearchAction\",\"target\":{\"@type\":\"EntryPoint\",\"urlTemplate\":\"https:\/\/aogosto.com.br\/delivery\/?s={search_term_string}\"},\"query-input\":{\"@type\":\"PropertyValueSpecification\",\"valueRequired\":true,\"valueName\":\"search_term_string\"}}],\"inLanguage\":\"pt-BR\"}]}<\/script>\n<!-- \/ Yoast SEO plugin. -->","yoast_head_json":{"title":"Fil\u00e9 de Salm\u00e3o- Ao Gosto | R$ 119.90 KG | Ao Gosto Carnes","robots":{"index":"index","follow":"follow","max-snippet":"max-snippet:-1","max-image-preview":"max-image-preview:large","max-video-preview":"max-video-preview:-1"},"canonical":"https:\/\/aogosto.com.br\/delivery\/product\/salmao-atlantico-r-79-90-kg\/","og_locale":"pt_BR","og_type":"article","og_title":"Fil\u00e9 de Salm\u00e3o- Ao Gosto | R$ 119.90 KG | Ao Gosto Carnes","og_description":"Salm\u00e3o verdadeiro, de proced\u00eancia, ao contr\u00e1rio de muito dos que s\u00e3o procriados em cativeiros e reduzem bem suas quantidades nutricionais. Al\u00e9m de delicioso, ele \u00e9 um poderoso antioxidante que ajuda a prevenir doen\u00e7as cardiovasculares, inflamat\u00f3rias, e atua no sistema imune. \u00c9 fonte de Triptofano, Vitamina D, \u00c1cidos Graxos, Sel\u00eanio, Prote\u00edna, Vitamina B3, Vitamina B12, Vitamina B6, F\u00f3sforo e Magn\u00e9sio. \u00c9 excelente fonte de \u00d4mega 3, subst\u00e2ncia que reduz em at\u00e9 81% a chance de ataque card\u00edaco, segundo estudos recentes.  &nbsp;Peso Aprox. 0500 g *O valor final pode variar conforme o peso exato de cada pe\u00e7a.* *Imagens meramente ilustrativas.*","og_url":"https:\/\/aogosto.com.br\/delivery\/product\/salmao-atlantico-r-79-90-kg\/","og_site_name":"Ao Gosto Carnes","article_publisher":"https:\/\/facebook.com.br\/aogostocarnesnobres","article_modified_time":"2025-06-28T15:10:40+00:00","og_image":[{"width":500,"height":500,"url":"https:\/\/aogosto.com.br\/delivery\/wp-content\/uploads\/2021\/08\/99652761ccc74f7eb0b0f52190859fd0.webp","type":"image\/webp"}],"twitter_card":"summary_large_image","twitter_misc":{"Est. tempo de leitura":"1 minuto"},"schema":{"@context":"https:\/\/schema.org","@graph":[{"@type":"WebPage","@id":"https:\/\/aogosto.com.br\/delivery\/product\/salmao-atlantico-r-79-90-kg\/","url":"https:\/\/aogosto.com.br\/delivery\/product\/salmao-atlantico-r-79-90-kg\/","name":"Fil\u00e9 de Salm\u00e3o- Ao Gosto | R$ 119.90 KG | Ao Gosto Carnes","isPartOf":{"@id":"https:\/\/aogosto.com.br\/delivery\/#website"},"primaryImageOfPage":{"@id":"https:\/\/aogosto.com.br\/delivery\/product\/salmao-atlantico-r-79-90-kg\/#primaryimage"},"image":{"@id":"https:\/\/aogosto.com.br\/delivery\/product\/salmao-atlantico-r-79-90-kg\/#primaryimage"},"thumbnailUrl":"https:\/\/aogosto.com.br\/delivery\/wp-content\/uploads\/2021\/08\/99652761ccc74f7eb0b0f52190859fd0.webp","datePublished":"2021-08-20T16:36:41+00:00","dateModified":"2025-06-28T15:10:40+00:00","breadcrumb":{"@id":"https:\/\/aogosto.com.br\/delivery\/product\/salmao-atlantico-r-79-90-kg\/#breadcrumb"},"inLanguage":"pt-BR","potentialAction":[{"@type":"ReadAction","target":["https:\/\/aogosto.com.br\/delivery\/product\/salmao-atlantico-r-79-90-kg\/"]}]},{"@type":"ImageObject","inLanguage":"pt-BR","@id":"https:\/\/aogosto.com.br\/delivery\/product\/salmao-atlantico-r-79-90-kg\/#primaryimage","url":"https:\/\/aogosto.com.br\/delivery\/wp-content\/uploads\/2021\/08\/99652761ccc74f7eb0b0f52190859fd0.webp","contentUrl":"https:\/\/aogosto.com.br\/delivery\/wp-content\/uploads\/2021\/08\/99652761ccc74f7eb0b0f52190859fd0.webp","width":500,"height":500},{"@type":"BreadcrumbList","@id":"https:\/\/aogosto.com.br\/delivery\/product\/salmao-atlantico-r-79-90-kg\/#breadcrumb","itemListElement":[{"@type":"ListItem","position":1,"name":"In\u00edcio","item":"https:\/\/aogosto.com.br\/delivery\/"},{"@type":"ListItem","position":2,"name":"Shop","item":"https:\/\/aogosto.com.br\/delivery\/loja\/"},{"@type":"ListItem","position":3,"name":"Fil\u00e9 de Salm\u00e3o- Ao Gosto | R$ 119.90 KG"}]},{"@type":"WebSite","@id":"https:\/\/aogosto.com.br\/delivery\/#website","url":"https:\/\/aogosto.com.br\/delivery\/","name":"Ao Gosto Carnes","description":"Fa\u00e7a o seu pedido on-line!","potentialAction":[{"@type":"SearchAction","target":{"@type":"EntryPoint","urlTemplate":"https:\/\/aogosto.com.br\/delivery\/?s={search_term_string}"},"query-input":{"@type":"PropertyValueSpecification","valueRequired":true,"valueName":"search_term_string"}}],"inLanguage":"pt-BR"}]}},"_links":{"self":[{"href":"https:\/\/aogosto.com.br\/delivery\/wp-json\/wp\/v2\/product\/4063","targetHints":{"allow":["GET"]}}],"collection":[{"href":"https:\/\/aogosto.com.br\/delivery\/wp-json\/wp\/v2\/product"}],"about":[{"href":"https:\/\/aogosto.com.br\/delivery\/wp-json\/wp\/v2\/types\/product"}],"replies":[{"embeddable":true,"href":"https:\/\/aogosto.com.br\/delivery\/wp-json\/wp\/v2\/comments?post=4063"}],"version-history":[{"count":0,"href":"https:\/\/aogosto.com.br\/delivery\/wp-json\/wp\/v2\/product\/4063\/revisions"}],"wp:featuredmedia":[{"embeddable":true,"href":"https:\/\/aogosto.com.br\/delivery\/wp-json\/wp\/v2\/media\/116770"}],"wp:attachment":[{"href":"https:\/\/aogosto.com.br\/delivery\/wp-json\/wp\/v2\/media?parent=4063"}],"wp:term":[{"taxonomy":"product_brand","embeddable":true,"href":"https:\/\/aogosto.com.br\/delivery\/wp-json\/wp\/v2\/product_brand?post=4063"},{"taxonomy":"product_cat","embeddable":true,"href":"https:\/\/aogosto.com.br\/delivery\/wp-json\/wp\/v2\/product_cat?post=4063"},{"taxonomy":"product_tag","embeddable":true,"href":"https:\/\/aogosto.com.br\/delivery\/wp-json\/wp\/v2\/product_tag?post=4063"}],"curies":[{"name":"wp","href":"https:\/\/api.w.org\/{rel}","templated":true}]}}