    {"id":336,"date":"2021-02-02T20:48:37","date_gmt":"2021-02-02T23:48:37","guid":{"rendered":"https:\/\/aogosto.com.br\/delivery\/product\/import-placeholder-for-3321\/"},"modified":"2026-03-18T09:28:36","modified_gmt":"2026-03-18T12:28:36","slug":"coxinha-tempero-italiano-r-19-90-kg","status":"publish","type":"product","link":"https:\/\/aogosto.com.br\/delivery\/product\/coxinha-tempero-italiano-r-19-90-kg\/","title":{"rendered":"Coxinha Tempero Italiano"},"content":{"rendered":"","protected":false},"excerpt":{"rendered":"<p>Voc\u00ea vai sentir a sensa\u00e7\u00e3o de estar comendo uma coxinha na It\u00e1lia. S\u00e3o selecionadas as mais tenras e mais carnudas que s\u00e3o temperadas individualmente com um leve e saboroso tempero italiano. Podem ser utilizadas no churrasco, no forno, na chapa ou como voc\u00ea preferir.<\/p>\n<p>Peso Aprox:\u00a0<strong><em> 800 gr<\/em><\/strong><\/p>\n<p><img fetchpriority=\"high\" decoding=\"async\" class=\"alignnone size-full wp-image-73449\" src=\"https:\/\/aogosto.com.br\/delivery\/wp-content\/uploads\/2021\/02\/modo-preparo-coxinha-400-x-200-px-6.jpg\" alt=\"\" width=\"400\" height=\"200\" srcset=\"https:\/\/aogosto.com.br\/delivery\/wp-content\/uploads\/2021\/02\/modo-preparo-coxinha-400-x-200-px-6.jpg 400w, https:\/\/aogosto.com.br\/delivery\/wp-content\/uploads\/2021\/02\/modo-preparo-coxinha-400-x-200-px-6-150x75.jpg 150w\" sizes=\"(max-width: 400px) 100vw, 400px\" \/><\/p>\n<p>&nbsp;<\/p>\n","protected":false},"featured_media":14401,"comment_status":"open","ping_status":"closed","template":"","meta":[],"product_brand":[],"product_cat":[32,350],"product_tag":[],"class_list":{"0":"post-336","1":"product","2":"type-product","3":"status-publish","4":"has-post-thumbnail","6":"product_cat-frango","7":"product_cat-sugestao-air-fyer","9":"first","10":"instock","11":"featured","12":"shipping-taxable","13":"purchasable","14":"product-type-simple"},"yoast_head":"<!-- This site is optimized with the Yoast SEO plugin v27.2 - https:\/\/yoast.com\/product\/yoast-seo-wordpress\/ -->\n<title>Coxinha Tempero Italiano | Ao Gosto Carnes<\/title>\n<meta name=\"robots\" content=\"index, follow, max-snippet:-1, max-image-preview:large, max-video-preview:-1\" \/>\n<link rel=\"canonical\" href=\"https:\/\/aogosto.com.br\/delivery\/product\/coxinha-tempero-italiano-r-19-90-kg\/\" \/>\n<meta property=\"og:locale\" content=\"pt_BR\" \/>\n<meta property=\"og:type\" content=\"article\" \/>\n<meta property=\"og:title\" content=\"Coxinha Tempero Italiano | Ao Gosto Carnes\" \/>\n<meta property=\"og:description\" content=\"Voc\u00ea vai sentir a sensa\u00e7\u00e3o de estar comendo uma coxinha na It\u00e1lia. S\u00e3o selecionadas as mais tenras e mais carnudas que s\u00e3o temperadas individualmente com um leve e saboroso tempero italiano. Podem ser utilizadas no churrasco, no forno, na chapa ou como voc\u00ea preferir.  Peso Aprox:\u00a0 800 gr    &nbsp;\" \/>\n<meta property=\"og:url\" content=\"https:\/\/aogosto.com.br\/delivery\/product\/coxinha-tempero-italiano-r-19-90-kg\/\" \/>\n<meta property=\"og:site_name\" content=\"Ao Gosto Carnes\" \/>\n<meta property=\"article:publisher\" content=\"https:\/\/facebook.com.br\/aogostocarnesnobres\" \/>\n<meta property=\"article:modified_time\" content=\"2026-03-18T12:28:36+00:00\" \/>\n<meta property=\"og:image\" content=\"https:\/\/aogosto.com.br\/delivery\/wp-content\/uploads\/2021\/02\/coxinha-da-asa-1.jpg\" \/>\n\t<meta property=\"og:image:width\" content=\"540\" \/>\n\t<meta property=\"og:image:height\" content=\"540\" \/>\n\t<meta property=\"og:image:type\" content=\"image\/jpeg\" \/>\n<meta name=\"twitter:card\" content=\"summary_large_image\" \/>\n<meta name=\"twitter:label1\" content=\"Est. tempo de leitura\" \/>\n\t<meta name=\"twitter:data1\" content=\"1 minuto\" \/>\n<script type=\"application\/ld+json\" class=\"yoast-schema-graph\">{\"@context\":\"https:\/\/schema.org\",\"@graph\":[{\"@type\":\"WebPage\",\"@id\":\"https:\/\/aogosto.com.br\/delivery\/product\/coxinha-tempero-italiano-r-19-90-kg\/\",\"url\":\"https:\/\/aogosto.com.br\/delivery\/product\/coxinha-tempero-italiano-r-19-90-kg\/\",\"name\":\"Coxinha Tempero Italiano | Ao Gosto Carnes\",\"isPartOf\":{\"@id\":\"https:\/\/aogosto.com.br\/delivery\/#website\"},\"primaryImageOfPage\":{\"@id\":\"https:\/\/aogosto.com.br\/delivery\/product\/coxinha-tempero-italiano-r-19-90-kg\/#primaryimage\"},\"image\":{\"@id\":\"https:\/\/aogosto.com.br\/delivery\/product\/coxinha-tempero-italiano-r-19-90-kg\/#primaryimage\"},\"thumbnailUrl\":\"https:\/\/aogosto.com.br\/delivery\/wp-content\/uploads\/2021\/02\/coxinha-da-asa-1.jpg\",\"datePublished\":\"2021-02-02T23:48:37+00:00\",\"dateModified\":\"2026-03-18T12:28:36+00:00\",\"breadcrumb\":{\"@id\":\"https:\/\/aogosto.com.br\/delivery\/product\/coxinha-tempero-italiano-r-19-90-kg\/#breadcrumb\"},\"inLanguage\":\"pt-BR\",\"potentialAction\":[{\"@type\":\"ReadAction\",\"target\":[\"https:\/\/aogosto.com.br\/delivery\/product\/coxinha-tempero-italiano-r-19-90-kg\/\"]}]},{\"@type\":\"ImageObject\",\"inLanguage\":\"pt-BR\",\"@id\":\"https:\/\/aogosto.com.br\/delivery\/product\/coxinha-tempero-italiano-r-19-90-kg\/#primaryimage\",\"url\":\"https:\/\/aogosto.com.br\/delivery\/wp-content\/uploads\/2021\/02\/coxinha-da-asa-1.jpg\",\"contentUrl\":\"https:\/\/aogosto.com.br\/delivery\/wp-content\/uploads\/2021\/02\/coxinha-da-asa-1.jpg\",\"width\":540,\"height\":540},{\"@type\":\"BreadcrumbList\",\"@id\":\"https:\/\/aogosto.com.br\/delivery\/product\/coxinha-tempero-italiano-r-19-90-kg\/#breadcrumb\",\"itemListElement\":[{\"@type\":\"ListItem\",\"position\":1,\"name\":\"In\u00edcio\",\"item\":\"https:\/\/aogosto.com.br\/delivery\/\"},{\"@type\":\"ListItem\",\"position\":2,\"name\":\"Shop\",\"item\":\"https:\/\/aogosto.com.br\/delivery\/loja\/\"},{\"@type\":\"ListItem\",\"position\":3,\"name\":\"Coxinha Tempero Italiano\"}]},{\"@type\":\"WebSite\",\"@id\":\"https:\/\/aogosto.com.br\/delivery\/#website\",\"url\":\"https:\/\/aogosto.com.br\/delivery\/\",\"name\":\"Ao Gosto Carnes\",\"description\":\"Fa\u00e7a o seu pedido on-line!\",\"potentialAction\":[{\"@type\":\"SearchAction\",\"target\":{\"@type\":\"EntryPoint\",\"urlTemplate\":\"https:\/\/aogosto.com.br\/delivery\/?s={search_term_string}\"},\"query-input\":{\"@type\":\"PropertyValueSpecification\",\"valueRequired\":true,\"valueName\":\"search_term_string\"}}],\"inLanguage\":\"pt-BR\"}]}<\/script>\n<!-- \/ Yoast SEO plugin. -->","yoast_head_json":{"title":"Coxinha Tempero Italiano | Ao Gosto Carnes","robots":{"index":"index","follow":"follow","max-snippet":"max-snippet:-1","max-image-preview":"max-image-preview:large","max-video-preview":"max-video-preview:-1"},"canonical":"https:\/\/aogosto.com.br\/delivery\/product\/coxinha-tempero-italiano-r-19-90-kg\/","og_locale":"pt_BR","og_type":"article","og_title":"Coxinha Tempero Italiano | Ao Gosto Carnes","og_description":"Voc\u00ea vai sentir a sensa\u00e7\u00e3o de estar comendo uma coxinha na It\u00e1lia. S\u00e3o selecionadas as mais tenras e mais carnudas que s\u00e3o temperadas individualmente com um leve e saboroso tempero italiano. Podem ser utilizadas no churrasco, no forno, na chapa ou como voc\u00ea preferir.  Peso Aprox:\u00a0 800 gr    &nbsp;","og_url":"https:\/\/aogosto.com.br\/delivery\/product\/coxinha-tempero-italiano-r-19-90-kg\/","og_site_name":"Ao Gosto Carnes","article_publisher":"https:\/\/facebook.com.br\/aogostocarnesnobres","article_modified_time":"2026-03-18T12:28:36+00:00","og_image":[{"width":540,"height":540,"url":"https:\/\/aogosto.com.br\/delivery\/wp-content\/uploads\/2021\/02\/coxinha-da-asa-1.jpg","type":"image\/jpeg"}],"twitter_card":"summary_large_image","twitter_misc":{"Est. tempo de leitura":"1 minuto"},"schema":{"@context":"https:\/\/schema.org","@graph":[{"@type":"WebPage","@id":"https:\/\/aogosto.com.br\/delivery\/product\/coxinha-tempero-italiano-r-19-90-kg\/","url":"https:\/\/aogosto.com.br\/delivery\/product\/coxinha-tempero-italiano-r-19-90-kg\/","name":"Coxinha Tempero Italiano | Ao Gosto Carnes","isPartOf":{"@id":"https:\/\/aogosto.com.br\/delivery\/#website"},"primaryImageOfPage":{"@id":"https:\/\/aogosto.com.br\/delivery\/product\/coxinha-tempero-italiano-r-19-90-kg\/#primaryimage"},"image":{"@id":"https:\/\/aogosto.com.br\/delivery\/product\/coxinha-tempero-italiano-r-19-90-kg\/#primaryimage"},"thumbnailUrl":"https:\/\/aogosto.com.br\/delivery\/wp-content\/uploads\/2021\/02\/coxinha-da-asa-1.jpg","datePublished":"2021-02-02T23:48:37+00:00","dateModified":"2026-03-18T12:28:36+00:00","breadcrumb":{"@id":"https:\/\/aogosto.com.br\/delivery\/product\/coxinha-tempero-italiano-r-19-90-kg\/#breadcrumb"},"inLanguage":"pt-BR","potentialAction":[{"@type":"ReadAction","target":["https:\/\/aogosto.com.br\/delivery\/product\/coxinha-tempero-italiano-r-19-90-kg\/"]}]},{"@type":"ImageObject","inLanguage":"pt-BR","@id":"https:\/\/aogosto.com.br\/delivery\/product\/coxinha-tempero-italiano-r-19-90-kg\/#primaryimage","url":"https:\/\/aogosto.com.br\/delivery\/wp-content\/uploads\/2021\/02\/coxinha-da-asa-1.jpg","contentUrl":"https:\/\/aogosto.com.br\/delivery\/wp-content\/uploads\/2021\/02\/coxinha-da-asa-1.jpg","width":540,"height":540},{"@type":"BreadcrumbList","@id":"https:\/\/aogosto.com.br\/delivery\/product\/coxinha-tempero-italiano-r-19-90-kg\/#breadcrumb","itemListElement":[{"@type":"ListItem","position":1,"name":"In\u00edcio","item":"https:\/\/aogosto.com.br\/delivery\/"},{"@type":"ListItem","position":2,"name":"Shop","item":"https:\/\/aogosto.com.br\/delivery\/loja\/"},{"@type":"ListItem","position":3,"name":"Coxinha Tempero Italiano"}]},{"@type":"WebSite","@id":"https:\/\/aogosto.com.br\/delivery\/#website","url":"https:\/\/aogosto.com.br\/delivery\/","name":"Ao Gosto Carnes","description":"Fa\u00e7a o seu pedido on-line!","potentialAction":[{"@type":"SearchAction","target":{"@type":"EntryPoint","urlTemplate":"https:\/\/aogosto.com.br\/delivery\/?s={search_term_string}"},"query-input":{"@type":"PropertyValueSpecification","valueRequired":true,"valueName":"search_term_string"}}],"inLanguage":"pt-BR"}]}},"_links":{"self":[{"href":"https:\/\/aogosto.com.br\/delivery\/wp-json\/wp\/v2\/product\/336","targetHints":{"allow":["GET"]}}],"collection":[{"href":"https:\/\/aogosto.com.br\/delivery\/wp-json\/wp\/v2\/product"}],"about":[{"href":"https:\/\/aogosto.com.br\/delivery\/wp-json\/wp\/v2\/types\/product"}],"replies":[{"embeddable":true,"href":"https:\/\/aogosto.com.br\/delivery\/wp-json\/wp\/v2\/comments?post=336"}],"version-history":[{"count":1,"href":"https:\/\/aogosto.com.br\/delivery\/wp-json\/wp\/v2\/product\/336\/revisions"}],"predecessor-version":[{"id":143637,"href":"https:\/\/aogosto.com.br\/delivery\/wp-json\/wp\/v2\/product\/336\/revisions\/143637"}],"wp:featuredmedia":[{"embeddable":true,"href":"https:\/\/aogosto.com.br\/delivery\/wp-json\/wp\/v2\/media\/14401"}],"wp:attachment":[{"href":"https:\/\/aogosto.com.br\/delivery\/wp-json\/wp\/v2\/media?parent=336"}],"wp:term":[{"taxonomy":"product_brand","embeddable":true,"href":"https:\/\/aogosto.com.br\/delivery\/wp-json\/wp\/v2\/product_brand?post=336"},{"taxonomy":"product_cat","embeddable":true,"href":"https:\/\/aogosto.com.br\/delivery\/wp-json\/wp\/v2\/product_cat?post=336"},{"taxonomy":"product_tag","embeddable":true,"href":"https:\/\/aogosto.com.br\/delivery\/wp-json\/wp\/v2\/product_tag?post=336"}],"curies":[{"name":"wp","href":"https:\/\/api.w.org\/{rel}","templated":true}]}}