    {"id":152119,"date":"2026-04-09T18:19:25","date_gmt":"2026-04-09T21:19:25","guid":{"rendered":"https:\/\/aogosto.com.br\/delivery\/?post_type=product&#038;p=152119"},"modified":"2026-04-09T19:09:24","modified_gmt":"2026-04-09T22:09:24","slug":"kit-churrasco-7-pessoas","status":"publish","type":"product","link":"https:\/\/aogosto.com.br\/delivery\/product\/kit-churrasco-7-pessoas\/","title":{"rendered":"Kit Churrasco 7 Pessoas"},"content":{"rendered":"","protected":false},"excerpt":{"rendered":"<p>O Kit cont\u00e9m:<\/p>\n<p>1 &#8211; Picanha inteira (Aprox: 1 kg)<br \/>\n1 &#8211; Kansas Rib Angus (Aprox: 0,300gr)<br \/>\n1 &#8211; Lingui\u00e7a Cara Preta (Aprox: 0,300gr)<br \/>\n1 &#8211; P\u00e3o de Alho (4 unidades)<\/p>\n<p><strong>*Produtos Congelados*<\/strong><\/p>\n","protected":false},"featured_media":152124,"comment_status":"open","ping_status":"closed","template":"","meta":[],"product_brand":[],"product_cat":[358,71,72],"product_tag":[],"class_list":{"0":"post-152119","1":"product","2":"type-product","3":"status-publish","4":"has-post-thumbnail","6":"product_cat-para-10-pessoas","7":"product_cat-kit-churrasco","8":"product_cat-promocao","10":"first","11":"instock","12":"shipping-taxable","13":"purchasable","14":"product-type-variable"},"yoast_head":"<!-- This site is optimized with the Yoast SEO plugin v27.2 - https:\/\/yoast.com\/product\/yoast-seo-wordpress\/ -->\n<title>Kit Churrasco 7 Pessoas | Ao Gosto Carnes<\/title>\n<meta name=\"robots\" content=\"index, follow, max-snippet:-1, max-image-preview:large, max-video-preview:-1\" \/>\n<link rel=\"canonical\" href=\"https:\/\/aogosto.com.br\/delivery\/product\/kit-churrasco-7-pessoas\/\" \/>\n<meta property=\"og:locale\" content=\"pt_BR\" \/>\n<meta property=\"og:type\" content=\"article\" \/>\n<meta property=\"og:title\" content=\"Kit Churrasco 7 Pessoas | Ao Gosto Carnes\" \/>\n<meta property=\"og:description\" content=\"O Kit cont\u00e9m:  1 - Picanha inteira (Aprox: 1 kg) 1 - Kansas Rib Angus (Aprox: 0,300gr) 1 - Lingui\u00e7a Cara Preta (Aprox: 0,300gr) 1 - P\u00e3o de Alho (4 unidades)  *Produtos Congelados*\" \/>\n<meta property=\"og:url\" content=\"https:\/\/aogosto.com.br\/delivery\/product\/kit-churrasco-7-pessoas\/\" \/>\n<meta property=\"og:site_name\" content=\"Ao Gosto Carnes\" \/>\n<meta property=\"article:publisher\" content=\"https:\/\/facebook.com.br\/aogostocarnesnobres\" \/>\n<meta property=\"article:modified_time\" content=\"2026-04-09T22:09:24+00:00\" \/>\n<meta property=\"og:image\" content=\"https:\/\/aogosto.com.br\/delivery\/wp-content\/uploads\/2026\/04\/Design-sem-nome-2.jpg\" \/>\n\t<meta property=\"og:image:width\" content=\"1080\" \/>\n\t<meta property=\"og:image:height\" content=\"1080\" \/>\n\t<meta property=\"og:image:type\" content=\"image\/jpeg\" \/>\n<meta name=\"twitter:card\" content=\"summary_large_image\" \/>\n<meta name=\"twitter:label1\" content=\"Est. tempo de leitura\" \/>\n\t<meta name=\"twitter:data1\" content=\"1 minuto\" \/>\n<script type=\"application\/ld+json\" class=\"yoast-schema-graph\">{\"@context\":\"https:\/\/schema.org\",\"@graph\":[{\"@type\":\"WebPage\",\"@id\":\"https:\/\/aogosto.com.br\/delivery\/product\/kit-churrasco-7-pessoas\/\",\"url\":\"https:\/\/aogosto.com.br\/delivery\/product\/kit-churrasco-7-pessoas\/\",\"name\":\"Kit Churrasco 7 Pessoas | Ao Gosto Carnes\",\"isPartOf\":{\"@id\":\"https:\/\/aogosto.com.br\/delivery\/#website\"},\"primaryImageOfPage\":{\"@id\":\"https:\/\/aogosto.com.br\/delivery\/product\/kit-churrasco-7-pessoas\/#primaryimage\"},\"image\":{\"@id\":\"https:\/\/aogosto.com.br\/delivery\/product\/kit-churrasco-7-pessoas\/#primaryimage\"},\"thumbnailUrl\":\"https:\/\/aogosto.com.br\/delivery\/wp-content\/uploads\/2026\/04\/Design-sem-nome-2.jpg\",\"datePublished\":\"2026-04-09T21:19:25+00:00\",\"dateModified\":\"2026-04-09T22:09:24+00:00\",\"breadcrumb\":{\"@id\":\"https:\/\/aogosto.com.br\/delivery\/product\/kit-churrasco-7-pessoas\/#breadcrumb\"},\"inLanguage\":\"pt-BR\",\"potentialAction\":[{\"@type\":\"ReadAction\",\"target\":[\"https:\/\/aogosto.com.br\/delivery\/product\/kit-churrasco-7-pessoas\/\"]}]},{\"@type\":\"ImageObject\",\"inLanguage\":\"pt-BR\",\"@id\":\"https:\/\/aogosto.com.br\/delivery\/product\/kit-churrasco-7-pessoas\/#primaryimage\",\"url\":\"https:\/\/aogosto.com.br\/delivery\/wp-content\/uploads\/2026\/04\/Design-sem-nome-2.jpg\",\"contentUrl\":\"https:\/\/aogosto.com.br\/delivery\/wp-content\/uploads\/2026\/04\/Design-sem-nome-2.jpg\",\"width\":1080,\"height\":1080},{\"@type\":\"BreadcrumbList\",\"@id\":\"https:\/\/aogosto.com.br\/delivery\/product\/kit-churrasco-7-pessoas\/#breadcrumb\",\"itemListElement\":[{\"@type\":\"ListItem\",\"position\":1,\"name\":\"In\u00edcio\",\"item\":\"https:\/\/aogosto.com.br\/delivery\/\"},{\"@type\":\"ListItem\",\"position\":2,\"name\":\"Shop\",\"item\":\"https:\/\/aogosto.com.br\/delivery\/loja\/\"},{\"@type\":\"ListItem\",\"position\":3,\"name\":\"Kit Churrasco 7 Pessoas\"}]},{\"@type\":\"WebSite\",\"@id\":\"https:\/\/aogosto.com.br\/delivery\/#website\",\"url\":\"https:\/\/aogosto.com.br\/delivery\/\",\"name\":\"Ao Gosto Carnes\",\"description\":\"Fa\u00e7a o seu pedido on-line!\",\"potentialAction\":[{\"@type\":\"SearchAction\",\"target\":{\"@type\":\"EntryPoint\",\"urlTemplate\":\"https:\/\/aogosto.com.br\/delivery\/?s={search_term_string}\"},\"query-input\":{\"@type\":\"PropertyValueSpecification\",\"valueRequired\":true,\"valueName\":\"search_term_string\"}}],\"inLanguage\":\"pt-BR\"}]}<\/script>\n<!-- \/ Yoast SEO plugin. -->","yoast_head_json":{"title":"Kit Churrasco 7 Pessoas | Ao Gosto Carnes","robots":{"index":"index","follow":"follow","max-snippet":"max-snippet:-1","max-image-preview":"max-image-preview:large","max-video-preview":"max-video-preview:-1"},"canonical":"https:\/\/aogosto.com.br\/delivery\/product\/kit-churrasco-7-pessoas\/","og_locale":"pt_BR","og_type":"article","og_title":"Kit Churrasco 7 Pessoas | Ao Gosto Carnes","og_description":"O Kit cont\u00e9m:  1 - Picanha inteira (Aprox: 1 kg) 1 - Kansas Rib Angus (Aprox: 0,300gr) 1 - Lingui\u00e7a Cara Preta (Aprox: 0,300gr) 1 - P\u00e3o de Alho (4 unidades)  *Produtos Congelados*","og_url":"https:\/\/aogosto.com.br\/delivery\/product\/kit-churrasco-7-pessoas\/","og_site_name":"Ao Gosto Carnes","article_publisher":"https:\/\/facebook.com.br\/aogostocarnesnobres","article_modified_time":"2026-04-09T22:09:24+00:00","og_image":[{"width":1080,"height":1080,"url":"https:\/\/aogosto.com.br\/delivery\/wp-content\/uploads\/2026\/04\/Design-sem-nome-2.jpg","type":"image\/jpeg"}],"twitter_card":"summary_large_image","twitter_misc":{"Est. tempo de leitura":"1 minuto"},"schema":{"@context":"https:\/\/schema.org","@graph":[{"@type":"WebPage","@id":"https:\/\/aogosto.com.br\/delivery\/product\/kit-churrasco-7-pessoas\/","url":"https:\/\/aogosto.com.br\/delivery\/product\/kit-churrasco-7-pessoas\/","name":"Kit Churrasco 7 Pessoas | Ao Gosto Carnes","isPartOf":{"@id":"https:\/\/aogosto.com.br\/delivery\/#website"},"primaryImageOfPage":{"@id":"https:\/\/aogosto.com.br\/delivery\/product\/kit-churrasco-7-pessoas\/#primaryimage"},"image":{"@id":"https:\/\/aogosto.com.br\/delivery\/product\/kit-churrasco-7-pessoas\/#primaryimage"},"thumbnailUrl":"https:\/\/aogosto.com.br\/delivery\/wp-content\/uploads\/2026\/04\/Design-sem-nome-2.jpg","datePublished":"2026-04-09T21:19:25+00:00","dateModified":"2026-04-09T22:09:24+00:00","breadcrumb":{"@id":"https:\/\/aogosto.com.br\/delivery\/product\/kit-churrasco-7-pessoas\/#breadcrumb"},"inLanguage":"pt-BR","potentialAction":[{"@type":"ReadAction","target":["https:\/\/aogosto.com.br\/delivery\/product\/kit-churrasco-7-pessoas\/"]}]},{"@type":"ImageObject","inLanguage":"pt-BR","@id":"https:\/\/aogosto.com.br\/delivery\/product\/kit-churrasco-7-pessoas\/#primaryimage","url":"https:\/\/aogosto.com.br\/delivery\/wp-content\/uploads\/2026\/04\/Design-sem-nome-2.jpg","contentUrl":"https:\/\/aogosto.com.br\/delivery\/wp-content\/uploads\/2026\/04\/Design-sem-nome-2.jpg","width":1080,"height":1080},{"@type":"BreadcrumbList","@id":"https:\/\/aogosto.com.br\/delivery\/product\/kit-churrasco-7-pessoas\/#breadcrumb","itemListElement":[{"@type":"ListItem","position":1,"name":"In\u00edcio","item":"https:\/\/aogosto.com.br\/delivery\/"},{"@type":"ListItem","position":2,"name":"Shop","item":"https:\/\/aogosto.com.br\/delivery\/loja\/"},{"@type":"ListItem","position":3,"name":"Kit Churrasco 7 Pessoas"}]},{"@type":"WebSite","@id":"https:\/\/aogosto.com.br\/delivery\/#website","url":"https:\/\/aogosto.com.br\/delivery\/","name":"Ao Gosto Carnes","description":"Fa\u00e7a o seu pedido on-line!","potentialAction":[{"@type":"SearchAction","target":{"@type":"EntryPoint","urlTemplate":"https:\/\/aogosto.com.br\/delivery\/?s={search_term_string}"},"query-input":{"@type":"PropertyValueSpecification","valueRequired":true,"valueName":"search_term_string"}}],"inLanguage":"pt-BR"}]}},"_links":{"self":[{"href":"https:\/\/aogosto.com.br\/delivery\/wp-json\/wp\/v2\/product\/152119","targetHints":{"allow":["GET"]}}],"collection":[{"href":"https:\/\/aogosto.com.br\/delivery\/wp-json\/wp\/v2\/product"}],"about":[{"href":"https:\/\/aogosto.com.br\/delivery\/wp-json\/wp\/v2\/types\/product"}],"replies":[{"embeddable":true,"href":"https:\/\/aogosto.com.br\/delivery\/wp-json\/wp\/v2\/comments?post=152119"}],"version-history":[{"count":2,"href":"https:\/\/aogosto.com.br\/delivery\/wp-json\/wp\/v2\/product\/152119\/revisions"}],"predecessor-version":[{"id":152125,"href":"https:\/\/aogosto.com.br\/delivery\/wp-json\/wp\/v2\/product\/152119\/revisions\/152125"}],"wp:featuredmedia":[{"embeddable":true,"href":"https:\/\/aogosto.com.br\/delivery\/wp-json\/wp\/v2\/media\/152124"}],"wp:attachment":[{"href":"https:\/\/aogosto.com.br\/delivery\/wp-json\/wp\/v2\/media?parent=152119"}],"wp:term":[{"taxonomy":"product_brand","embeddable":true,"href":"https:\/\/aogosto.com.br\/delivery\/wp-json\/wp\/v2\/product_brand?post=152119"},{"taxonomy":"product_cat","embeddable":true,"href":"https:\/\/aogosto.com.br\/delivery\/wp-json\/wp\/v2\/product_cat?post=152119"},{"taxonomy":"product_tag","embeddable":true,"href":"https:\/\/aogosto.com.br\/delivery\/wp-json\/wp\/v2\/product_tag?post=152119"}],"curies":[{"name":"wp","href":"https:\/\/api.w.org\/{rel}","templated":true}]}}