    {"id":136237,"date":"2025-12-09T15:10:15","date_gmt":"2025-12-09T18:10:15","guid":{"rendered":"https:\/\/aogosto.com.br\/delivery\/?post_type=product&#038;p=136237"},"modified":"2026-03-14T11:46:33","modified_gmt":"2026-03-14T14:46:33","slug":"cerveja-ao-gosto-de-leve-long-neck","status":"publish","type":"product","link":"https:\/\/aogosto.com.br\/delivery\/product\/cerveja-ao-gosto-de-leve-long-neck\/","title":{"rendered":"Cerveja Ao Gosto &#8211; De leve | Long Neck"},"content":{"rendered":"","protected":false},"excerpt":{"rendered":"<p>Cerveja Baixa Caloria &#8211; Ao Gosto Long Neck<br \/>\nGarrafa de 355 ml<\/p>\n<p>Chegou a hora de mudar e o seu Ver\u00e3o nunca mais vai ser o mesmo com a protagonista do momento no Ao Gosto!<br \/>\nA nossa nova De Leve \u00e9 uma light lager.<\/p>\n<p>Uma cerveja super saborosa, leve, refrescante e o melhor:\u00a0<strong>zero a\u00e7\u00facar, zero carbo de baix\u00edssima\u00a0caloria.<br \/>\n<\/strong><br \/>\nIdeal para quem n\u00e3o abre m\u00e3o de uma boa cerveja associado a um estilo de vida saud\u00e1vel.<\/p>\n<p><em>Cont\u00e9m 1 Garrafa de 355 ML<\/em><\/p>\n<p>*PRODUTO PROIBIDO PARA MENORES DE\u00a0 18 ANOS *<\/p>\n","protected":false},"featured_media":142177,"comment_status":"open","ping_status":"closed","template":"","meta":[],"product_brand":[],"product_cat":[69,374,525],"product_tag":[],"class_list":{"0":"post-136237","1":"product","2":"type-product","3":"status-publish","4":"has-post-thumbnail","6":"product_cat-bebidas","7":"product_cat-cerveja","8":"product_cat-kit-carnaval","10":"first","11":"instock","12":"sale","13":"shipping-taxable","14":"purchasable","15":"product-type-simple"},"yoast_head":"<!-- This site is optimized with the Yoast SEO plugin v27.2 - https:\/\/yoast.com\/product\/yoast-seo-wordpress\/ -->\n<title>Cerveja Ao Gosto - De leve | Long Neck | Ao Gosto Carnes<\/title>\n<meta name=\"robots\" content=\"index, follow, max-snippet:-1, max-image-preview:large, max-video-preview:-1\" \/>\n<link rel=\"canonical\" href=\"https:\/\/aogosto.com.br\/delivery\/product\/cerveja-ao-gosto-de-leve-long-neck\/\" \/>\n<meta property=\"og:locale\" content=\"pt_BR\" \/>\n<meta property=\"og:type\" content=\"article\" \/>\n<meta property=\"og:title\" content=\"Cerveja Ao Gosto - De leve | Long Neck | Ao Gosto Carnes\" \/>\n<meta property=\"og:description\" content=\"Cerveja Baixa Caloria - Ao Gosto Long Neck Garrafa de 355 ml  Chegou a hora de mudar e o seu Ver\u00e3o nunca mais vai ser o mesmo com a protagonista do momento no Ao Gosto! A nossa nova De Leve \u00e9 uma light lager.  Uma cerveja super saborosa, leve, refrescante e o melhor:\u00a0zero a\u00e7\u00facar, zero carbo de baix\u00edssima\u00a0caloria.  Ideal para quem n\u00e3o abre m\u00e3o de uma boa cerveja associado a um estilo de vida saud\u00e1vel.  Cont\u00e9m 1 Garrafa de 355 ML  *PRODUTO PROIBIDO PARA MENORES DE\u00a0 18 ANOS *\" \/>\n<meta property=\"og:url\" content=\"https:\/\/aogosto.com.br\/delivery\/product\/cerveja-ao-gosto-de-leve-long-neck\/\" \/>\n<meta property=\"og:site_name\" content=\"Ao Gosto Carnes\" \/>\n<meta property=\"article:publisher\" content=\"https:\/\/facebook.com.br\/aogostocarnesnobres\" \/>\n<meta property=\"article:modified_time\" content=\"2026-03-14T14:46:33+00:00\" \/>\n<meta property=\"og:image\" content=\"https:\/\/aogosto.com.br\/delivery\/wp-content\/uploads\/2025\/12\/Design-sem-nome-2026-01-21T195215.100.jpg\" \/>\n\t<meta property=\"og:image:width\" content=\"1080\" \/>\n\t<meta property=\"og:image:height\" content=\"1350\" \/>\n\t<meta property=\"og:image:type\" content=\"image\/jpeg\" \/>\n<meta name=\"twitter:card\" content=\"summary_large_image\" \/>\n<meta name=\"twitter:label1\" content=\"Est. tempo de leitura\" \/>\n\t<meta name=\"twitter:data1\" content=\"1 minuto\" \/>\n<script type=\"application\/ld+json\" class=\"yoast-schema-graph\">{\"@context\":\"https:\/\/schema.org\",\"@graph\":[{\"@type\":\"WebPage\",\"@id\":\"https:\/\/aogosto.com.br\/delivery\/product\/cerveja-ao-gosto-de-leve-long-neck\/\",\"url\":\"https:\/\/aogosto.com.br\/delivery\/product\/cerveja-ao-gosto-de-leve-long-neck\/\",\"name\":\"Cerveja Ao Gosto - De leve | Long Neck | Ao Gosto Carnes\",\"isPartOf\":{\"@id\":\"https:\/\/aogosto.com.br\/delivery\/#website\"},\"primaryImageOfPage\":{\"@id\":\"https:\/\/aogosto.com.br\/delivery\/product\/cerveja-ao-gosto-de-leve-long-neck\/#primaryimage\"},\"image\":{\"@id\":\"https:\/\/aogosto.com.br\/delivery\/product\/cerveja-ao-gosto-de-leve-long-neck\/#primaryimage\"},\"thumbnailUrl\":\"https:\/\/aogosto.com.br\/delivery\/wp-content\/uploads\/2025\/12\/Design-sem-nome-2026-01-21T195215.100.jpg\",\"datePublished\":\"2025-12-09T18:10:15+00:00\",\"dateModified\":\"2026-03-14T14:46:33+00:00\",\"breadcrumb\":{\"@id\":\"https:\/\/aogosto.com.br\/delivery\/product\/cerveja-ao-gosto-de-leve-long-neck\/#breadcrumb\"},\"inLanguage\":\"pt-BR\",\"potentialAction\":[{\"@type\":\"ReadAction\",\"target\":[\"https:\/\/aogosto.com.br\/delivery\/product\/cerveja-ao-gosto-de-leve-long-neck\/\"]}]},{\"@type\":\"ImageObject\",\"inLanguage\":\"pt-BR\",\"@id\":\"https:\/\/aogosto.com.br\/delivery\/product\/cerveja-ao-gosto-de-leve-long-neck\/#primaryimage\",\"url\":\"https:\/\/aogosto.com.br\/delivery\/wp-content\/uploads\/2025\/12\/Design-sem-nome-2026-01-21T195215.100.jpg\",\"contentUrl\":\"https:\/\/aogosto.com.br\/delivery\/wp-content\/uploads\/2025\/12\/Design-sem-nome-2026-01-21T195215.100.jpg\",\"width\":1080,\"height\":1350},{\"@type\":\"BreadcrumbList\",\"@id\":\"https:\/\/aogosto.com.br\/delivery\/product\/cerveja-ao-gosto-de-leve-long-neck\/#breadcrumb\",\"itemListElement\":[{\"@type\":\"ListItem\",\"position\":1,\"name\":\"In\u00edcio\",\"item\":\"https:\/\/aogosto.com.br\/delivery\/\"},{\"@type\":\"ListItem\",\"position\":2,\"name\":\"Shop\",\"item\":\"https:\/\/aogosto.com.br\/delivery\/loja\/\"},{\"@type\":\"ListItem\",\"position\":3,\"name\":\"Cerveja Ao Gosto &#8211; De leve | Long Neck\"}]},{\"@type\":\"WebSite\",\"@id\":\"https:\/\/aogosto.com.br\/delivery\/#website\",\"url\":\"https:\/\/aogosto.com.br\/delivery\/\",\"name\":\"Ao Gosto Carnes\",\"description\":\"Fa\u00e7a o seu pedido on-line!\",\"potentialAction\":[{\"@type\":\"SearchAction\",\"target\":{\"@type\":\"EntryPoint\",\"urlTemplate\":\"https:\/\/aogosto.com.br\/delivery\/?s={search_term_string}\"},\"query-input\":{\"@type\":\"PropertyValueSpecification\",\"valueRequired\":true,\"valueName\":\"search_term_string\"}}],\"inLanguage\":\"pt-BR\"}]}<\/script>\n<!-- \/ Yoast SEO plugin. -->","yoast_head_json":{"title":"Cerveja Ao Gosto - De leve | Long Neck | Ao Gosto Carnes","robots":{"index":"index","follow":"follow","max-snippet":"max-snippet:-1","max-image-preview":"max-image-preview:large","max-video-preview":"max-video-preview:-1"},"canonical":"https:\/\/aogosto.com.br\/delivery\/product\/cerveja-ao-gosto-de-leve-long-neck\/","og_locale":"pt_BR","og_type":"article","og_title":"Cerveja Ao Gosto - De leve | Long Neck | Ao Gosto Carnes","og_description":"Cerveja Baixa Caloria - Ao Gosto Long Neck Garrafa de 355 ml  Chegou a hora de mudar e o seu Ver\u00e3o nunca mais vai ser o mesmo com a protagonista do momento no Ao Gosto! A nossa nova De Leve \u00e9 uma light lager.  Uma cerveja super saborosa, leve, refrescante e o melhor:\u00a0zero a\u00e7\u00facar, zero carbo de baix\u00edssima\u00a0caloria.  Ideal para quem n\u00e3o abre m\u00e3o de uma boa cerveja associado a um estilo de vida saud\u00e1vel.  Cont\u00e9m 1 Garrafa de 355 ML  *PRODUTO PROIBIDO PARA MENORES DE\u00a0 18 ANOS *","og_url":"https:\/\/aogosto.com.br\/delivery\/product\/cerveja-ao-gosto-de-leve-long-neck\/","og_site_name":"Ao Gosto Carnes","article_publisher":"https:\/\/facebook.com.br\/aogostocarnesnobres","article_modified_time":"2026-03-14T14:46:33+00:00","og_image":[{"width":1080,"height":1350,"url":"https:\/\/aogosto.com.br\/delivery\/wp-content\/uploads\/2025\/12\/Design-sem-nome-2026-01-21T195215.100.jpg","type":"image\/jpeg"}],"twitter_card":"summary_large_image","twitter_misc":{"Est. tempo de leitura":"1 minuto"},"schema":{"@context":"https:\/\/schema.org","@graph":[{"@type":"WebPage","@id":"https:\/\/aogosto.com.br\/delivery\/product\/cerveja-ao-gosto-de-leve-long-neck\/","url":"https:\/\/aogosto.com.br\/delivery\/product\/cerveja-ao-gosto-de-leve-long-neck\/","name":"Cerveja Ao Gosto - De leve | Long Neck | Ao Gosto Carnes","isPartOf":{"@id":"https:\/\/aogosto.com.br\/delivery\/#website"},"primaryImageOfPage":{"@id":"https:\/\/aogosto.com.br\/delivery\/product\/cerveja-ao-gosto-de-leve-long-neck\/#primaryimage"},"image":{"@id":"https:\/\/aogosto.com.br\/delivery\/product\/cerveja-ao-gosto-de-leve-long-neck\/#primaryimage"},"thumbnailUrl":"https:\/\/aogosto.com.br\/delivery\/wp-content\/uploads\/2025\/12\/Design-sem-nome-2026-01-21T195215.100.jpg","datePublished":"2025-12-09T18:10:15+00:00","dateModified":"2026-03-14T14:46:33+00:00","breadcrumb":{"@id":"https:\/\/aogosto.com.br\/delivery\/product\/cerveja-ao-gosto-de-leve-long-neck\/#breadcrumb"},"inLanguage":"pt-BR","potentialAction":[{"@type":"ReadAction","target":["https:\/\/aogosto.com.br\/delivery\/product\/cerveja-ao-gosto-de-leve-long-neck\/"]}]},{"@type":"ImageObject","inLanguage":"pt-BR","@id":"https:\/\/aogosto.com.br\/delivery\/product\/cerveja-ao-gosto-de-leve-long-neck\/#primaryimage","url":"https:\/\/aogosto.com.br\/delivery\/wp-content\/uploads\/2025\/12\/Design-sem-nome-2026-01-21T195215.100.jpg","contentUrl":"https:\/\/aogosto.com.br\/delivery\/wp-content\/uploads\/2025\/12\/Design-sem-nome-2026-01-21T195215.100.jpg","width":1080,"height":1350},{"@type":"BreadcrumbList","@id":"https:\/\/aogosto.com.br\/delivery\/product\/cerveja-ao-gosto-de-leve-long-neck\/#breadcrumb","itemListElement":[{"@type":"ListItem","position":1,"name":"In\u00edcio","item":"https:\/\/aogosto.com.br\/delivery\/"},{"@type":"ListItem","position":2,"name":"Shop","item":"https:\/\/aogosto.com.br\/delivery\/loja\/"},{"@type":"ListItem","position":3,"name":"Cerveja Ao Gosto &#8211; De leve | Long Neck"}]},{"@type":"WebSite","@id":"https:\/\/aogosto.com.br\/delivery\/#website","url":"https:\/\/aogosto.com.br\/delivery\/","name":"Ao Gosto Carnes","description":"Fa\u00e7a o seu pedido on-line!","potentialAction":[{"@type":"SearchAction","target":{"@type":"EntryPoint","urlTemplate":"https:\/\/aogosto.com.br\/delivery\/?s={search_term_string}"},"query-input":{"@type":"PropertyValueSpecification","valueRequired":true,"valueName":"search_term_string"}}],"inLanguage":"pt-BR"}]}},"_links":{"self":[{"href":"https:\/\/aogosto.com.br\/delivery\/wp-json\/wp\/v2\/product\/136237","targetHints":{"allow":["GET"]}}],"collection":[{"href":"https:\/\/aogosto.com.br\/delivery\/wp-json\/wp\/v2\/product"}],"about":[{"href":"https:\/\/aogosto.com.br\/delivery\/wp-json\/wp\/v2\/types\/product"}],"replies":[{"embeddable":true,"href":"https:\/\/aogosto.com.br\/delivery\/wp-json\/wp\/v2\/comments?post=136237"}],"version-history":[{"count":1,"href":"https:\/\/aogosto.com.br\/delivery\/wp-json\/wp\/v2\/product\/136237\/revisions"}],"predecessor-version":[{"id":142795,"href":"https:\/\/aogosto.com.br\/delivery\/wp-json\/wp\/v2\/product\/136237\/revisions\/142795"}],"wp:featuredmedia":[{"embeddable":true,"href":"https:\/\/aogosto.com.br\/delivery\/wp-json\/wp\/v2\/media\/142177"}],"wp:attachment":[{"href":"https:\/\/aogosto.com.br\/delivery\/wp-json\/wp\/v2\/media?parent=136237"}],"wp:term":[{"taxonomy":"product_brand","embeddable":true,"href":"https:\/\/aogosto.com.br\/delivery\/wp-json\/wp\/v2\/product_brand?post=136237"},{"taxonomy":"product_cat","embeddable":true,"href":"https:\/\/aogosto.com.br\/delivery\/wp-json\/wp\/v2\/product_cat?post=136237"},{"taxonomy":"product_tag","embeddable":true,"href":"https:\/\/aogosto.com.br\/delivery\/wp-json\/wp\/v2\/product_tag?post=136237"}],"curies":[{"name":"wp","href":"https:\/\/api.w.org\/{rel}","templated":true}]}}