    {"id":111434,"date":"2025-03-26T15:49:17","date_gmt":"2025-03-26T18:49:17","guid":{"rendered":"https:\/\/aogosto.com.br\/delivery\/?post_type=product&#038;p=111434"},"modified":"2025-06-01T09:14:18","modified_gmt":"2025-06-01T12:14:18","slug":"ancho-steak-angus-jap-beef-r-11990-kg-congelado","status":"publish","type":"product","link":"https:\/\/aogosto.com.br\/delivery\/product\/ancho-steak-angus-jap-beef-r-11990-kg-congelado\/","title":{"rendered":"Ancho Steak Angus- Jap Beef | R$: 119,90 kg"},"content":{"rendered":"","protected":false},"excerpt":{"rendered":"<p>O que \u00e9 o Ancho Angus? O Bife Ancho\u00a0<b>\u00e9 a base da costela do bovino<\/b>. Tamb\u00e9m conhecido como Ribeye, Entrec\u00f4te ou Fil\u00e9 da Costela, essa carne \u00e9 considerada como uma das mais saborosas, pois possui um excelente teor de marmoreio, que \u00e9 a gordura saud\u00e1vel, garantindo a sua sucul\u00eancia.<\/p>\n<p>&nbsp;A pe\u00e7a cont\u00e9m aproximadamente: 950 g<\/p>\n<p>*O valor final pode variar conforme o peso exato de cada pe\u00e7a.*<\/p>\n<p>*Imagens meramente ilustrativas.*<\/p>\n","protected":false},"featured_media":111435,"comment_status":"open","ping_status":"closed","template":"","meta":[],"product_brand":[],"product_cat":[241,246,34],"product_tag":[],"class_list":{"0":"post-111434","1":"product","2":"type-product","3":"status-publish","4":"has-post-thumbnail","6":"product_cat-ancho","7":"product_cat-angus","8":"product_cat-boi","10":"first","11":"outofstock","12":"shipping-taxable","13":"purchasable","14":"product-type-simple"},"yoast_head":"<!-- This site is optimized with the Yoast SEO plugin v27.2 - https:\/\/yoast.com\/product\/yoast-seo-wordpress\/ -->\n<title>Ancho Steak Angus- Jap Beef | R$: 119,90 kg | Ao Gosto Carnes<\/title>\n<meta name=\"robots\" content=\"index, follow, max-snippet:-1, max-image-preview:large, max-video-preview:-1\" \/>\n<link rel=\"canonical\" href=\"https:\/\/aogosto.com.br\/delivery\/product\/ancho-steak-angus-jap-beef-r-11990-kg-congelado\/\" \/>\n<meta property=\"og:locale\" content=\"pt_BR\" \/>\n<meta property=\"og:type\" content=\"article\" \/>\n<meta property=\"og:title\" content=\"Ancho Steak Angus- Jap Beef | R$: 119,90 kg | Ao Gosto Carnes\" \/>\n<meta property=\"og:description\" content=\"O que \u00e9 o Ancho Angus? O Bife Ancho\u00a0\u00e9 a base da costela do bovino. Tamb\u00e9m conhecido como Ribeye, Entrec\u00f4te ou Fil\u00e9 da Costela, essa carne \u00e9 considerada como uma das mais saborosas, pois possui um excelente teor de marmoreio, que \u00e9 a gordura saud\u00e1vel, garantindo a sua sucul\u00eancia.  &nbsp;A pe\u00e7a cont\u00e9m aproximadamente: 950 g *O valor final pode variar conforme o peso exato de cada pe\u00e7a.* *Imagens meramente ilustrativas.*\" \/>\n<meta property=\"og:url\" content=\"https:\/\/aogosto.com.br\/delivery\/product\/ancho-steak-angus-jap-beef-r-11990-kg-congelado\/\" \/>\n<meta property=\"og:site_name\" content=\"Ao Gosto Carnes\" \/>\n<meta property=\"article:publisher\" content=\"https:\/\/facebook.com.br\/aogostocarnesnobres\" \/>\n<meta property=\"article:modified_time\" content=\"2025-06-01T12:14:18+00:00\" \/>\n<meta property=\"og:image\" content=\"https:\/\/aogosto.com.br\/delivery\/wp-content\/uploads\/2025\/03\/Design-sem-nome-2025-03-26T154513.117.jpg\" \/>\n\t<meta property=\"og:image:width\" content=\"1080\" \/>\n\t<meta property=\"og:image:height\" content=\"1080\" \/>\n\t<meta property=\"og:image:type\" content=\"image\/jpeg\" \/>\n<meta name=\"twitter:card\" content=\"summary_large_image\" \/>\n<meta name=\"twitter:label1\" content=\"Est. tempo de leitura\" \/>\n\t<meta name=\"twitter:data1\" content=\"1 minuto\" \/>\n<script type=\"application\/ld+json\" class=\"yoast-schema-graph\">{\"@context\":\"https:\/\/schema.org\",\"@graph\":[{\"@type\":\"WebPage\",\"@id\":\"https:\/\/aogosto.com.br\/delivery\/product\/ancho-steak-angus-jap-beef-r-11990-kg-congelado\/\",\"url\":\"https:\/\/aogosto.com.br\/delivery\/product\/ancho-steak-angus-jap-beef-r-11990-kg-congelado\/\",\"name\":\"Ancho Steak Angus- Jap Beef | R$: 119,90 kg | Ao Gosto Carnes\",\"isPartOf\":{\"@id\":\"https:\/\/aogosto.com.br\/delivery\/#website\"},\"primaryImageOfPage\":{\"@id\":\"https:\/\/aogosto.com.br\/delivery\/product\/ancho-steak-angus-jap-beef-r-11990-kg-congelado\/#primaryimage\"},\"image\":{\"@id\":\"https:\/\/aogosto.com.br\/delivery\/product\/ancho-steak-angus-jap-beef-r-11990-kg-congelado\/#primaryimage\"},\"thumbnailUrl\":\"https:\/\/aogosto.com.br\/delivery\/wp-content\/uploads\/2025\/03\/Design-sem-nome-2025-03-26T154513.117.jpg\",\"datePublished\":\"2025-03-26T18:49:17+00:00\",\"dateModified\":\"2025-06-01T12:14:18+00:00\",\"breadcrumb\":{\"@id\":\"https:\/\/aogosto.com.br\/delivery\/product\/ancho-steak-angus-jap-beef-r-11990-kg-congelado\/#breadcrumb\"},\"inLanguage\":\"pt-BR\",\"potentialAction\":[{\"@type\":\"ReadAction\",\"target\":[\"https:\/\/aogosto.com.br\/delivery\/product\/ancho-steak-angus-jap-beef-r-11990-kg-congelado\/\"]}]},{\"@type\":\"ImageObject\",\"inLanguage\":\"pt-BR\",\"@id\":\"https:\/\/aogosto.com.br\/delivery\/product\/ancho-steak-angus-jap-beef-r-11990-kg-congelado\/#primaryimage\",\"url\":\"https:\/\/aogosto.com.br\/delivery\/wp-content\/uploads\/2025\/03\/Design-sem-nome-2025-03-26T154513.117.jpg\",\"contentUrl\":\"https:\/\/aogosto.com.br\/delivery\/wp-content\/uploads\/2025\/03\/Design-sem-nome-2025-03-26T154513.117.jpg\",\"width\":1080,\"height\":1080},{\"@type\":\"BreadcrumbList\",\"@id\":\"https:\/\/aogosto.com.br\/delivery\/product\/ancho-steak-angus-jap-beef-r-11990-kg-congelado\/#breadcrumb\",\"itemListElement\":[{\"@type\":\"ListItem\",\"position\":1,\"name\":\"In\u00edcio\",\"item\":\"https:\/\/aogosto.com.br\/delivery\/\"},{\"@type\":\"ListItem\",\"position\":2,\"name\":\"Shop\",\"item\":\"https:\/\/aogosto.com.br\/delivery\/loja\/\"},{\"@type\":\"ListItem\",\"position\":3,\"name\":\"Ancho Steak Angus- Jap Beef | R$: 119,90 kg\"}]},{\"@type\":\"WebSite\",\"@id\":\"https:\/\/aogosto.com.br\/delivery\/#website\",\"url\":\"https:\/\/aogosto.com.br\/delivery\/\",\"name\":\"Ao Gosto Carnes\",\"description\":\"Fa\u00e7a o seu pedido on-line!\",\"potentialAction\":[{\"@type\":\"SearchAction\",\"target\":{\"@type\":\"EntryPoint\",\"urlTemplate\":\"https:\/\/aogosto.com.br\/delivery\/?s={search_term_string}\"},\"query-input\":{\"@type\":\"PropertyValueSpecification\",\"valueRequired\":true,\"valueName\":\"search_term_string\"}}],\"inLanguage\":\"pt-BR\"}]}<\/script>\n<!-- \/ Yoast SEO plugin. -->","yoast_head_json":{"title":"Ancho Steak Angus- Jap Beef | R$: 119,90 kg | Ao Gosto Carnes","robots":{"index":"index","follow":"follow","max-snippet":"max-snippet:-1","max-image-preview":"max-image-preview:large","max-video-preview":"max-video-preview:-1"},"canonical":"https:\/\/aogosto.com.br\/delivery\/product\/ancho-steak-angus-jap-beef-r-11990-kg-congelado\/","og_locale":"pt_BR","og_type":"article","og_title":"Ancho Steak Angus- Jap Beef | R$: 119,90 kg | Ao Gosto Carnes","og_description":"O que \u00e9 o Ancho Angus? O Bife Ancho\u00a0\u00e9 a base da costela do bovino. Tamb\u00e9m conhecido como Ribeye, Entrec\u00f4te ou Fil\u00e9 da Costela, essa carne \u00e9 considerada como uma das mais saborosas, pois possui um excelente teor de marmoreio, que \u00e9 a gordura saud\u00e1vel, garantindo a sua sucul\u00eancia.  &nbsp;A pe\u00e7a cont\u00e9m aproximadamente: 950 g *O valor final pode variar conforme o peso exato de cada pe\u00e7a.* *Imagens meramente ilustrativas.*","og_url":"https:\/\/aogosto.com.br\/delivery\/product\/ancho-steak-angus-jap-beef-r-11990-kg-congelado\/","og_site_name":"Ao Gosto Carnes","article_publisher":"https:\/\/facebook.com.br\/aogostocarnesnobres","article_modified_time":"2025-06-01T12:14:18+00:00","og_image":[{"width":1080,"height":1080,"url":"https:\/\/aogosto.com.br\/delivery\/wp-content\/uploads\/2025\/03\/Design-sem-nome-2025-03-26T154513.117.jpg","type":"image\/jpeg"}],"twitter_card":"summary_large_image","twitter_misc":{"Est. tempo de leitura":"1 minuto"},"schema":{"@context":"https:\/\/schema.org","@graph":[{"@type":"WebPage","@id":"https:\/\/aogosto.com.br\/delivery\/product\/ancho-steak-angus-jap-beef-r-11990-kg-congelado\/","url":"https:\/\/aogosto.com.br\/delivery\/product\/ancho-steak-angus-jap-beef-r-11990-kg-congelado\/","name":"Ancho Steak Angus- Jap Beef | R$: 119,90 kg | Ao Gosto Carnes","isPartOf":{"@id":"https:\/\/aogosto.com.br\/delivery\/#website"},"primaryImageOfPage":{"@id":"https:\/\/aogosto.com.br\/delivery\/product\/ancho-steak-angus-jap-beef-r-11990-kg-congelado\/#primaryimage"},"image":{"@id":"https:\/\/aogosto.com.br\/delivery\/product\/ancho-steak-angus-jap-beef-r-11990-kg-congelado\/#primaryimage"},"thumbnailUrl":"https:\/\/aogosto.com.br\/delivery\/wp-content\/uploads\/2025\/03\/Design-sem-nome-2025-03-26T154513.117.jpg","datePublished":"2025-03-26T18:49:17+00:00","dateModified":"2025-06-01T12:14:18+00:00","breadcrumb":{"@id":"https:\/\/aogosto.com.br\/delivery\/product\/ancho-steak-angus-jap-beef-r-11990-kg-congelado\/#breadcrumb"},"inLanguage":"pt-BR","potentialAction":[{"@type":"ReadAction","target":["https:\/\/aogosto.com.br\/delivery\/product\/ancho-steak-angus-jap-beef-r-11990-kg-congelado\/"]}]},{"@type":"ImageObject","inLanguage":"pt-BR","@id":"https:\/\/aogosto.com.br\/delivery\/product\/ancho-steak-angus-jap-beef-r-11990-kg-congelado\/#primaryimage","url":"https:\/\/aogosto.com.br\/delivery\/wp-content\/uploads\/2025\/03\/Design-sem-nome-2025-03-26T154513.117.jpg","contentUrl":"https:\/\/aogosto.com.br\/delivery\/wp-content\/uploads\/2025\/03\/Design-sem-nome-2025-03-26T154513.117.jpg","width":1080,"height":1080},{"@type":"BreadcrumbList","@id":"https:\/\/aogosto.com.br\/delivery\/product\/ancho-steak-angus-jap-beef-r-11990-kg-congelado\/#breadcrumb","itemListElement":[{"@type":"ListItem","position":1,"name":"In\u00edcio","item":"https:\/\/aogosto.com.br\/delivery\/"},{"@type":"ListItem","position":2,"name":"Shop","item":"https:\/\/aogosto.com.br\/delivery\/loja\/"},{"@type":"ListItem","position":3,"name":"Ancho Steak Angus- Jap Beef | R$: 119,90 kg"}]},{"@type":"WebSite","@id":"https:\/\/aogosto.com.br\/delivery\/#website","url":"https:\/\/aogosto.com.br\/delivery\/","name":"Ao Gosto Carnes","description":"Fa\u00e7a o seu pedido on-line!","potentialAction":[{"@type":"SearchAction","target":{"@type":"EntryPoint","urlTemplate":"https:\/\/aogosto.com.br\/delivery\/?s={search_term_string}"},"query-input":{"@type":"PropertyValueSpecification","valueRequired":true,"valueName":"search_term_string"}}],"inLanguage":"pt-BR"}]}},"_links":{"self":[{"href":"https:\/\/aogosto.com.br\/delivery\/wp-json\/wp\/v2\/product\/111434","targetHints":{"allow":["GET"]}}],"collection":[{"href":"https:\/\/aogosto.com.br\/delivery\/wp-json\/wp\/v2\/product"}],"about":[{"href":"https:\/\/aogosto.com.br\/delivery\/wp-json\/wp\/v2\/types\/product"}],"replies":[{"embeddable":true,"href":"https:\/\/aogosto.com.br\/delivery\/wp-json\/wp\/v2\/comments?post=111434"}],"version-history":[{"count":0,"href":"https:\/\/aogosto.com.br\/delivery\/wp-json\/wp\/v2\/product\/111434\/revisions"}],"wp:featuredmedia":[{"embeddable":true,"href":"https:\/\/aogosto.com.br\/delivery\/wp-json\/wp\/v2\/media\/111435"}],"wp:attachment":[{"href":"https:\/\/aogosto.com.br\/delivery\/wp-json\/wp\/v2\/media?parent=111434"}],"wp:term":[{"taxonomy":"product_brand","embeddable":true,"href":"https:\/\/aogosto.com.br\/delivery\/wp-json\/wp\/v2\/product_brand?post=111434"},{"taxonomy":"product_cat","embeddable":true,"href":"https:\/\/aogosto.com.br\/delivery\/wp-json\/wp\/v2\/product_cat?post=111434"},{"taxonomy":"product_tag","embeddable":true,"href":"https:\/\/aogosto.com.br\/delivery\/wp-json\/wp\/v2\/product_tag?post=111434"}],"curies":[{"name":"wp","href":"https:\/\/api.w.org\/{rel}","templated":true}]}}