{"id":105289,"date":"2025-01-14T16:38:09","date_gmt":"2025-01-14T19:38:09","guid":{"rendered":"https:\/\/aogosto.com.br\/delivery\/?page_id=105289"},"modified":"2025-01-14T17:04:46","modified_gmt":"2025-01-14T20:04:46","slug":"politica-de-privacidade","status":"publish","type":"page","link":"https:\/\/aogosto.com.br\/delivery\/politica-de-privacidade\/","title":{"rendered":"Pol\u00edtica de Privacidade"},"content":{"rendered":"\t\t<div data-elementor-type=\"wp-page\" data-elementor-id=\"105289\" class=\"elementor elementor-105289\" data-elementor-post-type=\"page\">\n\t\t\t\t\t\t<section class=\"wd-negative-gap elementor-section elementor-top-section elementor-element elementor-element-018303e elementor-section-boxed elementor-section-height-default elementor-section-height-default wd-section-disabled\" data-id=\"018303e\" data-element_type=\"section\">\n\t\t\t\t\t\t<div class=\"elementor-container elementor-column-gap-default\">\n\t\t\t\t\t<div class=\"elementor-column elementor-col-100 elementor-top-column elementor-element elementor-element-a75bc5f\" data-id=\"a75bc5f\" data-element_type=\"column\">\n\t\t\t<div class=\"elementor-widget-wrap elementor-element-populated\">\n\t\t\t\t\t\t<div class=\"elementor-element elementor-element-7bd9adb color-scheme-inherit text-left elementor-widget elementor-widget-text-editor\" data-id=\"7bd9adb\" data-element_type=\"widget\" data-widget_type=\"text-editor.default\">\n\t\t\t\t<div class=\"elementor-widget-container\">\n\t\t\t\t\t\t\t<p class=\"p1\">Nosso aplicativo coleta apenas as informa\u00e7\u00f5es essenciais para processar suas compras e garantir uma experi\u00eancia pr\u00e1tica e segura. Os dados coletados incluem nome, endere\u00e7o de entrega, telefone e informa\u00e7\u00f5es de pagamento, usados exclusivamente para a finaliza\u00e7\u00e3o de pedidos e entregas.<\/p><p class=\"p1\">As informa\u00e7\u00f5es fornecidas s\u00e3o protegidas e utilizadas de forma transparente, sendo compartilhadas apenas com parceiros log\u00edsticos e servi\u00e7os de pagamento, quando necess\u00e1rio. N\u00e3o armazenamos dados sens\u00edveis, como n\u00fameros de cart\u00e3o de cr\u00e9dito, e n\u00e3o compartilhamos seus dados com terceiros para fins comerciais.<\/p><p class=\"p1\">Voc\u00ea tem o direito de acessar, corrigir ou solicitar a exclus\u00e3o de seus dados a qualquer momento. Para mais informa\u00e7\u00f5es, entre em contato conosco pelo e-mail <b>app@aogosto.com.br<\/b>.<\/p><p class=\"p1\">Essa pol\u00edtica pode ser atualizada periodicamente, e notificaremos os usu\u00e1rios sobre mudan\u00e7as importantes.<\/p>\t\t\t\t\t\t<\/div>\n\t\t\t\t<\/div>\n\t\t\t\t\t<\/div>\n\t\t<\/div>\n\t\t\t\t\t<\/div>\n\t\t<\/section>\n\t\t\t\t<\/div>\n\t\t","protected":false},"excerpt":{"rendered":"<p>Nosso aplicativo coleta apenas as informa\u00e7\u00f5es essenciais para processar suas compras e garantir uma experi\u00eancia pr\u00e1tica e segura. Os dados<\/p>\n","protected":false},"author":1,"featured_media":0,"parent":0,"menu_order":0,"comment_status":"closed","ping_status":"closed","template":"","meta":{"footnotes":""},"class_list":["post-105289","page","type-page","status-publish","hentry"],"yoast_head":"<!-- This site is optimized with the Yoast SEO plugin v27.2 - https:\/\/yoast.com\/product\/yoast-seo-wordpress\/ -->\n<title>Pol\u00edtica de Privacidade | Ao Gosto Carnes<\/title>\n<meta name=\"robots\" content=\"index, follow, max-snippet:-1, max-image-preview:large, max-video-preview:-1\" \/>\n<link rel=\"canonical\" href=\"https:\/\/aogosto.com.br\/delivery\/politica-de-privacidade\/\" \/>\n<meta property=\"og:locale\" content=\"pt_BR\" \/>\n<meta property=\"og:type\" content=\"article\" \/>\n<meta property=\"og:title\" content=\"Pol\u00edtica de Privacidade | Ao Gosto Carnes\" \/>\n<meta property=\"og:description\" content=\"Nosso aplicativo coleta apenas as informa\u00e7\u00f5es essenciais para processar suas compras e garantir uma experi\u00eancia pr\u00e1tica e segura. Os dados\" \/>\n<meta property=\"og:url\" content=\"https:\/\/aogosto.com.br\/delivery\/politica-de-privacidade\/\" \/>\n<meta property=\"og:site_name\" content=\"Ao Gosto Carnes\" \/>\n<meta property=\"article:publisher\" content=\"https:\/\/facebook.com.br\/aogostocarnesnobres\" \/>\n<meta property=\"article:modified_time\" content=\"2025-01-14T20:04:46+00:00\" \/>\n<meta name=\"twitter:card\" content=\"summary_large_image\" \/>\n<meta name=\"twitter:label1\" content=\"Est. tempo de leitura\" \/>\n\t<meta name=\"twitter:data1\" content=\"1 minuto\" \/>\n<script type=\"application\/ld+json\" class=\"yoast-schema-graph\">{\"@context\":\"https:\/\/schema.org\",\"@graph\":[{\"@type\":\"WebPage\",\"@id\":\"https:\/\/aogosto.com.br\/delivery\/politica-de-privacidade\/\",\"url\":\"https:\/\/aogosto.com.br\/delivery\/politica-de-privacidade\/\",\"name\":\"Pol\u00edtica de Privacidade | Ao Gosto Carnes\",\"isPartOf\":{\"@id\":\"https:\/\/aogosto.com.br\/delivery\/#website\"},\"datePublished\":\"2025-01-14T19:38:09+00:00\",\"dateModified\":\"2025-01-14T20:04:46+00:00\",\"breadcrumb\":{\"@id\":\"https:\/\/aogosto.com.br\/delivery\/politica-de-privacidade\/#breadcrumb\"},\"inLanguage\":\"pt-BR\",\"potentialAction\":[{\"@type\":\"ReadAction\",\"target\":[\"https:\/\/aogosto.com.br\/delivery\/politica-de-privacidade\/\"]}]},{\"@type\":\"BreadcrumbList\",\"@id\":\"https:\/\/aogosto.com.br\/delivery\/politica-de-privacidade\/#breadcrumb\",\"itemListElement\":[{\"@type\":\"ListItem\",\"position\":1,\"name\":\"In\u00edcio\",\"item\":\"https:\/\/aogosto.com.br\/delivery\/\"},{\"@type\":\"ListItem\",\"position\":2,\"name\":\"Pol\u00edtica de Privacidade\"}]},{\"@type\":\"WebSite\",\"@id\":\"https:\/\/aogosto.com.br\/delivery\/#website\",\"url\":\"https:\/\/aogosto.com.br\/delivery\/\",\"name\":\"Ao Gosto Carnes\",\"description\":\"Fa\u00e7a o seu pedido on-line!\",\"potentialAction\":[{\"@type\":\"SearchAction\",\"target\":{\"@type\":\"EntryPoint\",\"urlTemplate\":\"https:\/\/aogosto.com.br\/delivery\/?s={search_term_string}\"},\"query-input\":{\"@type\":\"PropertyValueSpecification\",\"valueRequired\":true,\"valueName\":\"search_term_string\"}}],\"inLanguage\":\"pt-BR\"}]}<\/script>\n<!-- \/ Yoast SEO plugin. -->","yoast_head_json":{"title":"Pol\u00edtica de Privacidade | Ao Gosto Carnes","robots":{"index":"index","follow":"follow","max-snippet":"max-snippet:-1","max-image-preview":"max-image-preview:large","max-video-preview":"max-video-preview:-1"},"canonical":"https:\/\/aogosto.com.br\/delivery\/politica-de-privacidade\/","og_locale":"pt_BR","og_type":"article","og_title":"Pol\u00edtica de Privacidade | Ao Gosto Carnes","og_description":"Nosso aplicativo coleta apenas as informa\u00e7\u00f5es essenciais para processar suas compras e garantir uma experi\u00eancia pr\u00e1tica e segura. Os dados","og_url":"https:\/\/aogosto.com.br\/delivery\/politica-de-privacidade\/","og_site_name":"Ao Gosto Carnes","article_publisher":"https:\/\/facebook.com.br\/aogostocarnesnobres","article_modified_time":"2025-01-14T20:04:46+00:00","twitter_card":"summary_large_image","twitter_misc":{"Est. tempo de leitura":"1 minuto"},"schema":{"@context":"https:\/\/schema.org","@graph":[{"@type":"WebPage","@id":"https:\/\/aogosto.com.br\/delivery\/politica-de-privacidade\/","url":"https:\/\/aogosto.com.br\/delivery\/politica-de-privacidade\/","name":"Pol\u00edtica de Privacidade | Ao Gosto Carnes","isPartOf":{"@id":"https:\/\/aogosto.com.br\/delivery\/#website"},"datePublished":"2025-01-14T19:38:09+00:00","dateModified":"2025-01-14T20:04:46+00:00","breadcrumb":{"@id":"https:\/\/aogosto.com.br\/delivery\/politica-de-privacidade\/#breadcrumb"},"inLanguage":"pt-BR","potentialAction":[{"@type":"ReadAction","target":["https:\/\/aogosto.com.br\/delivery\/politica-de-privacidade\/"]}]},{"@type":"BreadcrumbList","@id":"https:\/\/aogosto.com.br\/delivery\/politica-de-privacidade\/#breadcrumb","itemListElement":[{"@type":"ListItem","position":1,"name":"In\u00edcio","item":"https:\/\/aogosto.com.br\/delivery\/"},{"@type":"ListItem","position":2,"name":"Pol\u00edtica de Privacidade"}]},{"@type":"WebSite","@id":"https:\/\/aogosto.com.br\/delivery\/#website","url":"https:\/\/aogosto.com.br\/delivery\/","name":"Ao Gosto Carnes","description":"Fa\u00e7a o seu pedido on-line!","potentialAction":[{"@type":"SearchAction","target":{"@type":"EntryPoint","urlTemplate":"https:\/\/aogosto.com.br\/delivery\/?s={search_term_string}"},"query-input":{"@type":"PropertyValueSpecification","valueRequired":true,"valueName":"search_term_string"}}],"inLanguage":"pt-BR"}]}},"_links":{"self":[{"href":"https:\/\/aogosto.com.br\/delivery\/wp-json\/wp\/v2\/pages\/105289","targetHints":{"allow":["GET"]}}],"collection":[{"href":"https:\/\/aogosto.com.br\/delivery\/wp-json\/wp\/v2\/pages"}],"about":[{"href":"https:\/\/aogosto.com.br\/delivery\/wp-json\/wp\/v2\/types\/page"}],"author":[{"embeddable":true,"href":"https:\/\/aogosto.com.br\/delivery\/wp-json\/wp\/v2\/users\/1"}],"replies":[{"embeddable":true,"href":"https:\/\/aogosto.com.br\/delivery\/wp-json\/wp\/v2\/comments?post=105289"}],"version-history":[{"count":0,"href":"https:\/\/aogosto.com.br\/delivery\/wp-json\/wp\/v2\/pages\/105289\/revisions"}],"wp:attachment":[{"href":"https:\/\/aogosto.com.br\/delivery\/wp-json\/wp\/v2\/media?parent=105289"}],"curies":[{"name":"wp","href":"https:\/\/api.w.org\/{rel}","templated":true}]}}